{"id":10035,"date":"2018-04-05T13:29:45","date_gmt":"2018-04-05T19:29:45","guid":{"rendered":"http:\/\/nuevoportal.inces.gob.ve\/?page_id=10035"},"modified":"2020-05-28T20:20:00","modified_gmt":"2020-05-29T00:20:00","slug":"programa-nacional-de-emprendimiento","status":"publish","type":"page","link":"https:\/\/inces.gob.ve\/index.php\/programa-nacional-de-emprendimiento\/","title":{"rendered":"Programa Nacional de Emprendimiento"},"content":{"rendered":"<div id=\"pl-gb10035-69f0ee94db9c0\"  class=\"panel-layout\" ><div id=\"pg-gb10035-69f0ee94db9c0-0\"  class=\"panel-grid panel-no-style\" ><div id=\"pgc-gb10035-69f0ee94db9c0-0-0\"  class=\"panel-grid-cell\" ><div id=\"panel-gb10035-69f0ee94db9c0-0-0-0\" class=\"so-panel widget widget_media_image panel-first-child panel-last-child\" data-index=\"0\" ><img loading=\"lazy\" decoding=\"async\" width=\"1170\" height=\"91\" src=\"https:\/\/inces.gob.ve\/wp-content\/uploads\/2018\/04\/titulos_emprendimiento.png\" class=\"image wp-image-11102  attachment-full size-full\" alt=\"\" style=\"max-width: 100%; height: auto;\" srcset=\"https:\/\/inces.gob.ve\/wp-content\/uploads\/2018\/04\/titulos_emprendimiento.png 1170w, https:\/\/inces.gob.ve\/wp-content\/uploads\/2018\/04\/titulos_emprendimiento-300x23.png 300w, https:\/\/inces.gob.ve\/wp-content\/uploads\/2018\/04\/titulos_emprendimiento-768x60.png 768w, https:\/\/inces.gob.ve\/wp-content\/uploads\/2018\/04\/titulos_emprendimiento-1024x80.png 1024w\" sizes=\"auto, (max-width: 1170px) 100vw, 1170px\" \/><\/div><\/div><\/div><div id=\"pg-gb10035-69f0ee94db9c0-1\"  class=\"panel-grid panel-no-style\" ><div id=\"pgc-gb10035-69f0ee94db9c0-1-0\"  class=\"panel-grid-cell\" ><div id=\"panel-gb10035-69f0ee94db9c0-1-0-0\" class=\"widget_text so-panel widget widget_custom_html panel-first-child panel-last-child\" data-index=\"1\" ><div class=\"textwidget custom-html-widget\"><div class=\"contenedor-menuver\">\n<!--a class=\"btn-menuver\" href=\"#\">Menu <i class=\"icono derecha fas fa-bars\"><\/i><\/a-->\n<ul class=\"menuver\">\n \t<li><i class=\"icono izquierda fas fa-chevron-down\"><\/i><a href=\"\">Programas<\/a>\n\t<ul>\n \t<li><a href=\"http:\/\/www.inces.gob.ve\/index.php\/programa-nacional-de-aprendizaje\/\" target=\"_blank\">Programa Nacional de Aprendizaje<\/a><\/li>\n \t<li><a href=\"http:\/\/www.inces.gob.ve\/index.php\/certificacion-del-conocimiento-2\/\" target=\"_blank\">Certificaci\u00f3n y Acreditaci\u00f3n del Conocimiento<\/a><\/li>\n \t<li><a href=\"http:\/\/www.inces.gob.ve\/index.php\/adiestramiento-en-empresas-2\/\" target=\"_blank\">Adiestramiento en Empresas<\/a><\/li>\n<li><a href=\"http:\/\/www.inces.gob.ve\/index.php\/formacion-delegada\/\" target=\"_blank\">Formaci\u00f3n Delegada<\/a><\/li>\n<li><a href=\"http:\/\/www.inces.gob.ve\/index.php\/programa-nacional-de-emprendimiento\/\" target=\"_blank\"> Programa Nacional de Emprendimiento<\/a><\/li>\n<li><a href=\"http:\/\/www.inces.gob.ve\/index.php\/formacion-de-formadores\/\" target=\"_blank\">Formaci\u00f3n de Formadores<\/a><\/li>\n<li><a href=\"http:\/\/www.inces.gob.ve\/index.php\/programa-inces-militar\/\" target=\"_blank\">Inces Militar<\/a><\/li>\n<li><a href=\"http:\/\/www.inces.gob.ve\/index.php\/bachillerato-productivo\/\" target=\"_blank\">Bachillerato Productivo<\/a><\/li>\n<li><a href=\"http:\/\/www.inces.gob.ve\/index.php\/plan-de-formacion-y-autoformacion-de-trabajadoras-y-trabajadores\/\" target=\"_blank\">Plan Trabajadores<\/a><\/li>\n<li><a href=\"http:\/\/www.inces.gob.ve\/index.php\/programa-de-educacion-especial\/\" target=\"_blank\">Educaci\u00f3n Especial<\/a><\/li>\n<li><a href=\"http:\/\/www.inces.gob.ve\/index.php\/programa-penitenciario\/\" target=\"_blank\">Penitenciario<\/a><\/li>\n<li><a href=\"http:\/\/www.inces.gob.ve\/index.php\/programa-intercultural-bilingue\/\" target=\"_blank\">Intercultural Biling\u00fce<\/a><\/li>\n<li><a href=\"http:\/\/www.inces.gob.ve\/index.php\/formacion-productiva\/\" target=\"_blank\">Formaci\u00f3n Productiva<\/a><\/li>\n<\/ul>\n\t<\/li>\n \t<li><a href=\"http:\/\/www.inces.gob.ve\/index.php\/modalidades\/\">Modalidades<\/a><\/li>\n\t<li><a href=\"http:\/\/www.inces.gob.ve\/index.php\/ambitos\/\">\u00c1mbitos<\/a><\/li>\n<li><a href=\"http:\/\/www.inces.gob.ve\/index.php\/proyectos-especiales\/\">Proyectos Especiales<\/a><\/li>\n <\/ul>\n<\/div><\/div><\/div><\/div><div id=\"pgc-gb10035-69f0ee94db9c0-1-1\"  class=\"panel-grid-cell\" ><div id=\"panel-gb10035-69f0ee94db9c0-1-1-0\" class=\"so-panel widget widget_media_image panel-first-child\" data-index=\"2\" ><img loading=\"lazy\" decoding=\"async\" width=\"800\" height=\"400\" src=\"https:\/\/inces.gob.ve\/wp-content\/uploads\/2018\/04\/banner_emprendimiento.png\" class=\"image wp-image-11501  attachment-full size-full\" alt=\"\" style=\"max-width: 100%; height: auto;\" srcset=\"https:\/\/inces.gob.ve\/wp-content\/uploads\/2018\/04\/banner_emprendimiento.png 800w, https:\/\/inces.gob.ve\/wp-content\/uploads\/2018\/04\/banner_emprendimiento-300x150.png 300w, https:\/\/inces.gob.ve\/wp-content\/uploads\/2018\/04\/banner_emprendimiento-768x384.png 768w\" sizes=\"auto, (max-width: 800px) 100vw, 800px\" \/><\/div><div id=\"panel-gb10035-69f0ee94db9c0-1-1-1\" class=\"widget_text so-panel widget widget_custom_html panel-last-child\" data-index=\"3\" ><div class=\"textwidget custom-html-widget\"><p style=\"text-align: justify;\"><strong>Emprendimiento Juvenil<\/strong><\/p>\n<p style=\"text-align: justify;\" align=\"left\">Por su raz\u00f3n de ser, los emprendimientos socioproductivos deben obtener resultados sociales y econ\u00f3micos. El valor social se explica por la propia finalidad del emprendimiento (la inserci\u00f3n productiva), que va de la mano del empoderamiento integral de los participantes. En cuanto al valor econ\u00f3mico, permite afianzar un proceso econ\u00f3mico sustentable y sostenible tanto para el pa\u00eds, como para los participantes.<\/p>\n<p style=\"text-align: justify;\" align=\"left\">Esta doble dimensi\u00f3n debe ser considerada tanto al inicio del emprendimiento (un proyecto que atienda lo econ\u00f3mico y lo social) como en lo referido a su impacto (la medici\u00f3n de resultados).<\/p>\n<p style=\"text-align: justify;\" align=\"left\">Las organizaciones socioproductivas, entendidas seg\u00fan su concepci\u00f3n convencional con respecto al nuevo modelo econ\u00f3mico social, rompe con los paradigmas anteriores de la empresas, estableciendo formas de organizaci\u00f3n que consideran la toma de decisiones colectivas con los emprendimientos e inserci\u00f3n productiva, los cuales se manejan en \u00e1mbitos diversos, con din\u00e1micas distintas, siguiendo l\u00f3gicas propias de estilo productivo desde las satisfacci\u00f3n de las necesidades reales.<\/p>\n<p> <\/p>\n<p style=\"text-align: center;\"><a href=\"http:\/\/hacer.inces.gob.ve\/Account\/Principal\" target=\"_blank\" rel=\"noopener\"><span style=\"font-size: 24pt; text-align: center; color: #006d80;\">\u00a1Conoce m\u00e1s de este programa aqu\u00ed!<\/span><\/a><\/p>\n<p> <\/p><\/div><\/div><\/div><\/div><\/div>","protected":false},"excerpt":{"rendered":"","protected":false},"author":1,"featured_media":0,"parent":0,"menu_order":0,"comment_status":"closed","ping_status":"closed","template":"","meta":{"footnotes":""},"class_list":["post-10035","page","type-page","status-publish","hentry"],"_links":{"self":[{"href":"https:\/\/inces.gob.ve\/index.php\/wp-json\/wp\/v2\/pages\/10035","targetHints":{"allow":["GET"]}}],"collection":[{"href":"https:\/\/inces.gob.ve\/index.php\/wp-json\/wp\/v2\/pages"}],"about":[{"href":"https:\/\/inces.gob.ve\/index.php\/wp-json\/wp\/v2\/types\/page"}],"author":[{"embeddable":true,"href":"https:\/\/inces.gob.ve\/index.php\/wp-json\/wp\/v2\/users\/1"}],"replies":[{"embeddable":true,"href":"https:\/\/inces.gob.ve\/index.php\/wp-json\/wp\/v2\/comments?post=10035"}],"version-history":[{"count":16,"href":"https:\/\/inces.gob.ve\/index.php\/wp-json\/wp\/v2\/pages\/10035\/revisions"}],"predecessor-version":[{"id":28333,"href":"https:\/\/inces.gob.ve\/index.php\/wp-json\/wp\/v2\/pages\/10035\/revisions\/28333"}],"wp:attachment":[{"href":"https:\/\/inces.gob.ve\/index.php\/wp-json\/wp\/v2\/media?parent=10035"}],"curies":[{"name":"wp","href":"https:\/\/api.w.org\/{rel}","templated":true}]}}

<div id="pl-gb10035-69f0ee94db9c0"  class="panel-layout" ><div id="pg-gb10035-69f0ee94db9c0-0"  class="panel-grid panel-no-style" ><div id="pgc-gb10035-69f0ee94db9c0-0-0"  class="panel-grid-cell" ><div id="panel-gb10035-69f0ee94db9c0-0-0-0" class="so-panel widget widget_media_image panel-first-child panel-last-child" data-index="0" ><img loading="lazy" decoding="async" width="1170" height="91" src="https://inces.gob.ve/wp-content/uploads/2018/04/titulos_emprendimiento.png" class="image wp-image-11102  attachment-full size-full" alt="" style="max-width: 100%; height: auto;" srcset="https://inces.gob.ve/wp-content/uploads/2018/04/titulos_emprendimiento.png 1170w, https://inces.gob.ve/wp-content/uploads/2018/04/titulos_emprendimiento-300x23.png 300w, https://inces.gob.ve/wp-content/uploads/2018/04/titulos_emprendimiento-768x60.png 768w, https://inces.gob.ve/wp-content/uploads/2018/04/titulos_emprendimiento-1024x80.png 1024w" sizes="auto, (max-width: 1170px) 100vw, 1170px" /></div></div></div><div id="pg-gb10035-69f0ee94db9c0-1"  class="panel-grid panel-no-style" ><div id="pgc-gb10035-69f0ee94db9c0-1-0"  class="panel-grid-cell" ><div id="panel-gb10035-69f0ee94db9c0-1-0-0" class="widget_text so-panel widget widget_custom_html panel-first-child panel-last-child" data-index="1" ><div class="textwidget custom-html-widget"><div class="contenedor-menuver">
<!--a class="btn-menuver" href="#">Menu <i class="icono derecha fas fa-bars"></i></a-->
<ul class="menuver">
 	<li><i class="icono izquierda fas fa-chevron-down"></i><a href="">Programas</a>
	<ul>
 	<li><a href="http://www.inces.gob.ve/index.php/programa-nacional-de-aprendizaje/" target="_blank">Programa Nacional de Aprendizaje</a></li>
 	<li><a href="http://www.inces.gob.ve/index.php/certificacion-del-conocimiento-2/" target="_blank">Certificación y Acreditación del Conocimiento</a></li>
 	<li><a href="http://www.inces.gob.ve/index.php/adiestramiento-en-empresas-2/" target="_blank">Adiestramiento en Empresas</a></li>
<li><a href="http://www.inces.gob.ve/index.php/formacion-delegada/" target="_blank">Formación Delegada</a></li>
<li><a href="http://www.inces.gob.ve/index.php/programa-nacional-de-emprendimiento/" target="_blank"> Programa Nacional de Emprendimiento</a></li>
<li><a href="http://www.inces.gob.ve/index.php/formacion-de-formadores/" target="_blank">Formación de Formadores</a></li>
<li><a href="http://www.inces.gob.ve/index.php/programa-inces-militar/" target="_blank">Inces Militar</a></li>
<li><a href="http://www.inces.gob.ve/index.php/bachillerato-productivo/" target="_blank">Bachillerato Productivo</a></li>
<li><a href="http://www.inces.gob.ve/index.php/plan-de-formacion-y-autoformacion-de-trabajadoras-y-trabajadores/" target="_blank">Plan Trabajadores</a></li>
<li><a href="http://www.inces.gob.ve/index.php/programa-de-educacion-especial/" target="_blank">Educación Especial</a></li>
<li><a href="http://www.inces.gob.ve/index.php/programa-penitenciario/" target="_blank">Penitenciario</a></li>
<li><a href="http://www.inces.gob.ve/index.php/programa-intercultural-bilingue/" target="_blank">Intercultural Bilingüe</a></li>
<li><a href="http://www.inces.gob.ve/index.php/formacion-productiva/" target="_blank">Formación Productiva</a></li>
</ul>
	</li>
 	<li><a href="http://www.inces.gob.ve/index.php/modalidades/">Modalidades</a></li>
	<li><a href="http://www.inces.gob.ve/index.php/ambitos/">Ámbitos</a></li>
<li><a href="http://www.inces.gob.ve/index.php/proyectos-especiales/">Proyectos Especiales</a></li>
 </ul>
</div></div></div></div><div id="pgc-gb10035-69f0ee94db9c0-1-1"  class="panel-grid-cell" ><div id="panel-gb10035-69f0ee94db9c0-1-1-0" class="so-panel widget widget_media_image panel-first-child" data-index="2" ><img loading="lazy" decoding="async" width="800" height="400" src="https://inces.gob.ve/wp-content/uploads/2018/04/banner_emprendimiento.png" class="image wp-image-11501  attachment-full size-full" alt="" style="max-width: 100%; height: auto;" srcset="https://inces.gob.ve/wp-content/uploads/2018/04/banner_emprendimiento.png 800w, https://inces.gob.ve/wp-content/uploads/2018/04/banner_emprendimiento-300x150.png 300w, https://inces.gob.ve/wp-content/uploads/2018/04/banner_emprendimiento-768x384.png 768w" sizes="auto, (max-width: 800px) 100vw, 800px" /></div><div id="panel-gb10035-69f0ee94db9c0-1-1-1" class="widget_text so-panel widget widget_custom_html panel-last-child" data-index="3" ><div class="textwidget custom-html-widget"><p style="text-align: justify;"><strong>Emprendimiento Juvenil</strong></p>
<p style="text-align: justify;" align="left">Por su razón de ser, los emprendimientos socioproductivos deben obtener resultados sociales y económicos. El valor social se explica por la propia finalidad del emprendimiento (la inserción productiva), que va de la mano del empoderamiento integral de los participantes. En cuanto al valor económico, permite afianzar un proceso económico sustentable y sostenible tanto para el país, como para los participantes.</p>
<p style="text-align: justify;" align="left">Esta doble dimensión debe ser considerada tanto al inicio del emprendimiento (un proyecto que atienda lo económico y lo social) como en lo referido a su impacto (la medición de resultados).</p>
<p style="text-align: justify;" align="left">Las organizaciones socioproductivas, entendidas según su concepción convencional con respecto al nuevo modelo económico social, rompe con los paradigmas anteriores de la empresas, estableciendo formas de organización que consideran la toma de decisiones colectivas con los emprendimientos e inserción productiva, los cuales se manejan en ámbitos diversos, con dinámicas distintas, siguiendo lógicas propias de estilo productivo desde las satisfacción de las necesidades reales.</p>
<p> </p>
<p style="text-align: center;"><a href="http://hacer.inces.gob.ve/Account/Principal" target="_blank" rel="noopener"><span style="font-size: 24pt; text-align: center; color: #006d80;">¡Conoce más de este programa aquí!</span></a></p>
<p> </p></div></div></div></div></div>
