{"id":10180,"date":"2018-04-25T09:40:44","date_gmt":"2018-04-25T15:40:44","guid":{"rendered":"http:\/\/nuevoportal.inces.gob.ve\/?page_id=10180"},"modified":"2020-05-28T20:19:45","modified_gmt":"2020-05-29T00:19:45","slug":"formacion-delegada-tributos","status":"publish","type":"page","link":"https:\/\/inces.gob.ve\/index.php\/formacion-delegada-tributos\/","title":{"rendered":"Programa Formaci\u00f3n Delegada"},"content":{"rendered":"<div id=\"pl-10180\"  class=\"panel-layout\" ><div id=\"pg-10180-0\"  class=\"panel-grid panel-no-style\" ><div id=\"pgc-10180-0-0\"  class=\"panel-grid-cell\" ><div id=\"panel-10180-0-0-0\" class=\"so-panel widget widget_widget_sp_image widget_sp_image panel-first-child panel-last-child\" data-index=\"0\" ><img loading=\"lazy\" decoding=\"async\" width=\"1170\" height=\"91\" class=\"attachment-full\" style=\"max-width: 100%;\" srcset=\"https:\/\/inces.gob.ve\/wp-content\/uploads\/2018\/04\/Titulos_programa_formaci\u00f3n_delegada.png 1170w, https:\/\/inces.gob.ve\/wp-content\/uploads\/2018\/04\/Titulos_programa_formaci\u00f3n_delegada-300x23.png 300w, https:\/\/inces.gob.ve\/wp-content\/uploads\/2018\/04\/Titulos_programa_formaci\u00f3n_delegada-768x60.png 768w, https:\/\/inces.gob.ve\/wp-content\/uploads\/2018\/04\/Titulos_programa_formaci\u00f3n_delegada-1024x80.png 1024w\" sizes=\"auto, (max-width: 1170px) 100vw, 1170px\" src=\"https:\/\/inces.gob.ve\/wp-content\/uploads\/2018\/04\/Titulos_programa_formaci\u00f3n_delegada.png\" \/><\/div><\/div><\/div><div id=\"pg-10180-1\"  class=\"panel-grid panel-no-style\" ><div id=\"pgc-10180-1-0\"  class=\"panel-grid-cell\" ><div id=\"panel-10180-1-0-0\" class=\"widget_text so-panel widget widget_custom_html panel-first-child panel-last-child\" data-index=\"1\" ><div class=\"textwidget custom-html-widget\"><div class=\"contenedor-menuver\">\n\n<!--a class=\"btn-menuver\" href=\"#\">Menu <i class=\"icono derecha fas fa-bars\"><\/i><\/a-->\n<ul class=\"menuver\">\n \t<li><i class=\"icono izquierda fas fa-chevron-down\"><\/i><a href=\"\">Servicios Tributarios<\/a>\n\t<ul>\n \t<li><a href=\"http:\/\/rncp.inces.gob.ve\">Registro Inces RNCP<\/a><\/li>\n \t<li><a href=\"http:\/\/www.inces.gob.ve\/index.php\/declaracion-y-reporte-de-pago\/\">Declaraci\u00f3n y Reporte de Pago<\/a><\/li>\n \t<li><a href=\"http:\/\/www.inces.gob.ve\/index.php\/intereses-moratorios\/\">Intereses Moratorios<\/a><\/li>\n<li><a href=\"http:\/\/www.inces.gob.ve\/index.php\/solvencia-electronica\/\">Certificado de Solvencia Electr\u00f3nica<\/a><\/li>\n<li><a href=\"http:\/\/www.inces.gob.ve\/index.php\/atencion-al-contribuyente\/\">Atenci\u00f3n al Contribuyente<\/a><\/li>\n<li><a href=\"http:\/\/www.inces.gob.ve\/index.php\/bases-legales\/\">Bases Legales<\/a><\/li>\n<\/ul>\n<\/li>\n \t<li><a href=\"\">Obligaci\u00f3n Civil<\/a>\n<ul>\n \t<li><a href=\"http:\/\/www.inces.gob.ve\/index.php\/pna-entidades-de-trabajo\/\">P N A<\/a><\/li>\n \t<li><a href=\"http:\/\/www.inces.gob.ve\/index.php\/formacion-delegada-tributos\/\">Formaci\u00f3n Delegada<\/a><\/li>\n \t<li><a href=\"http:\/\/www.inces.gob.ve\/index.php\/adiestramiento-en-empresas-tributos\/\">Adiestramiento en Entidad de Trabajo<\/a><\/li>\n<\/ul>\n<\/li>\n \t<\/ul>\n<\/div><\/div><\/div><\/div><div id=\"pgc-10180-1-1\"  class=\"panel-grid-cell\" ><div id=\"panel-10180-1-1-0\" class=\"so-panel widget widget_widget_sp_image widget_sp_image panel-first-child panel-last-child\" data-index=\"2\" ><img loading=\"lazy\" decoding=\"async\" width=\"800\" height=\"400\" class=\"attachment-full\" style=\"max-width: 100%;\" srcset=\"https:\/\/inces.gob.ve\/wp-content\/uploads\/2017\/12\/banners_formacion_delegada.png 800w, https:\/\/inces.gob.ve\/wp-content\/uploads\/2017\/12\/banners_formacion_delegada-300x150.png 300w, https:\/\/inces.gob.ve\/wp-content\/uploads\/2017\/12\/banners_formacion_delegada-768x384.png 768w\" sizes=\"auto, (max-width: 800px) 100vw, 800px\" src=\"https:\/\/inces.gob.ve\/wp-content\/uploads\/2017\/12\/banners_formacion_delegada.png\" \/><\/div><\/div><\/div><div id=\"pg-10180-2\"  class=\"panel-grid panel-no-style\" ><div id=\"pgc-10180-2-0\"  class=\"panel-grid-cell panel-grid-cell-empty\" ><\/div><div id=\"pgc-10180-2-1\"  class=\"panel-grid-cell\" ><div id=\"panel-10180-2-1-0\" class=\"widget_text so-panel widget widget_custom_html panel-first-child panel-last-child\" data-index=\"3\" ><div class=\"textwidget custom-html-widget\">Es un programa que promueve, controla y acompa\u00f1a el aporte del 2% trimestral, de los costos incurridos en la ejecuci\u00f3n del Plan de Formaci\u00f3n y Autoformaci\u00f3n Colectiva de sus trabajadores y trabajadoras, los cuales SE DESCUENTAN las Entidades de Trabajo, previa autorizaci\u00f3n y aprobaci\u00f3n del INCES de conformidad con lo establecido en el art\u00edculo 57 y en concordancia con los art\u00edculos 58, 59, 60 y 61 de la Ley del INCES.<\/div><\/div><\/div><\/div><div id=\"pg-10180-3\"  class=\"panel-grid panel-no-style\" ><div id=\"pgc-10180-3-0\"  class=\"panel-grid-cell panel-grid-cell-empty\" ><\/div><div id=\"pgc-10180-3-1\"  class=\"panel-grid-cell\" ><div id=\"panel-10180-3-1-0\" class=\"widget_text so-panel widget widget_custom_html panel-first-child panel-last-child\" data-index=\"4\" ><div class=\"textwidget custom-html-widget\"><h1><a href=\"http:\/\/hacer.inces.gob.ve\/\">\u00a1Conoce m\u00e1s de este Programa aqu\u00ed!<\/a><\/h1><\/div><\/div><\/div><\/div><\/div>","protected":false},"excerpt":{"rendered":"<p>Servicios Tributarios Registro Inces RNCP Declaraci\u00f3n y Reporte de Pago Intereses Moratorios Certificado de Solvencia Electr\u00f3nica Atenci\u00f3n al Contribuyente Bases Legales Obligaci\u00f3n Civil P N A Formaci\u00f3n Delegada Adiestramiento en Entidad de Trabajo Es un programa que promueve, controla y acompa\u00f1a el aporte del 2% trimestral, de los costos incurridos en la ejecuci\u00f3n del Plan [&hellip;]<\/p>\n","protected":false},"author":1,"featured_media":0,"parent":0,"menu_order":0,"comment_status":"closed","ping_status":"closed","template":"","meta":{"footnotes":""},"class_list":["post-10180","page","type-page","status-publish","hentry"],"_links":{"self":[{"href":"https:\/\/inces.gob.ve\/index.php\/wp-json\/wp\/v2\/pages\/10180","targetHints":{"allow":["GET"]}}],"collection":[{"href":"https:\/\/inces.gob.ve\/index.php\/wp-json\/wp\/v2\/pages"}],"about":[{"href":"https:\/\/inces.gob.ve\/index.php\/wp-json\/wp\/v2\/types\/page"}],"author":[{"embeddable":true,"href":"https:\/\/inces.gob.ve\/index.php\/wp-json\/wp\/v2\/users\/1"}],"replies":[{"embeddable":true,"href":"https:\/\/inces.gob.ve\/index.php\/wp-json\/wp\/v2\/comments?post=10180"}],"version-history":[{"count":25,"href":"https:\/\/inces.gob.ve\/index.php\/wp-json\/wp\/v2\/pages\/10180\/revisions"}],"predecessor-version":[{"id":26716,"href":"https:\/\/inces.gob.ve\/index.php\/wp-json\/wp\/v2\/pages\/10180\/revisions\/26716"}],"wp:attachment":[{"href":"https:\/\/inces.gob.ve\/index.php\/wp-json\/wp\/v2\/media?parent=10180"}],"curies":[{"name":"wp","href":"https:\/\/api.w.org\/{rel}","templated":true}]}}