{"id":10439,"date":"2018-05-11T12:51:23","date_gmt":"2018-05-11T18:51:23","guid":{"rendered":"http:\/\/nuevoportal.inces.gob.ve\/?page_id=10439"},"modified":"2020-05-28T20:18:40","modified_gmt":"2020-05-29T00:18:40","slug":"bachillerato-productivo","status":"publish","type":"page","link":"https:\/\/inces.gob.ve\/index.php\/bachillerato-productivo\/","title":{"rendered":"Bachillerato Productivo"},"content":{"rendered":"<div id=\"pl-gb10439-69f1033ea5b8f\"  class=\"panel-layout\" ><div id=\"pg-gb10439-69f1033ea5b8f-0\"  class=\"panel-grid panel-no-style\" ><div id=\"pgc-gb10439-69f1033ea5b8f-0-0\"  class=\"panel-grid-cell\" ><div id=\"panel-gb10439-69f1033ea5b8f-0-0-0\" class=\"so-panel widget widget_media_image panel-first-child panel-last-child\" data-index=\"0\" ><img loading=\"lazy\" decoding=\"async\" width=\"1170\" height=\"91\" src=\"https:\/\/inces.gob.ve\/wp-content\/uploads\/2018\/05\/Titulos_proyectos_bachillerato_prod.png\" class=\"image wp-image-11001  attachment-full size-full\" alt=\"\" style=\"max-width: 100%; height: auto;\" srcset=\"https:\/\/inces.gob.ve\/wp-content\/uploads\/2018\/05\/Titulos_proyectos_bachillerato_prod.png 1170w, https:\/\/inces.gob.ve\/wp-content\/uploads\/2018\/05\/Titulos_proyectos_bachillerato_prod-300x23.png 300w, https:\/\/inces.gob.ve\/wp-content\/uploads\/2018\/05\/Titulos_proyectos_bachillerato_prod-768x60.png 768w, https:\/\/inces.gob.ve\/wp-content\/uploads\/2018\/05\/Titulos_proyectos_bachillerato_prod-1024x80.png 1024w\" sizes=\"auto, (max-width: 1170px) 100vw, 1170px\" \/><\/div><\/div><\/div><div id=\"pg-gb10439-69f1033ea5b8f-1\"  class=\"panel-grid panel-no-style\" ><div id=\"pgc-gb10439-69f1033ea5b8f-1-0\"  class=\"panel-grid-cell\" ><div id=\"panel-gb10439-69f1033ea5b8f-1-0-0\" class=\"widget_text so-panel widget widget_custom_html panel-first-child panel-last-child\" data-index=\"1\" ><div class=\"textwidget custom-html-widget\"><div class=\"contenedor-menuver\">\n<!--a class=\"btn-menuver\" href=\"#\">Menu <i class=\"icono derecha fas fa-bars\"><\/i><\/a-->\n<ul class=\"menuver\">\n \t<li><i class=\"icono izquierda fas fa-chevron-down\"><\/i><a href=\"\">Programas<\/a>\n\t<ul>\n \t<li><a href=\"http:\/\/www.inces.gob.ve\/index.php\/programa-nacional-de-aprendizaje\/\" target=\"_blank\">Programa Nacional de Aprendizaje<\/a><\/li>\n \t<li><a href=\"http:\/\/www.inces.gob.ve\/index.php\/certificacion-del-conocimiento-2\/\" target=\"_blank\">Certificaci\u00f3n y Acreditaci\u00f3n del Conocimiento<\/a><\/li>\n \t<li><a href=\"http:\/\/www.inces.gob.ve\/index.php\/adiestramiento-en-empresas-2\/\" target=\"_blank\">Adiestramiento en Empresas<\/a><\/li>\n<li><a href=\"http:\/\/www.inces.gob.ve\/index.php\/formacion-delegada\/\" target=\"_blank\">Formaci\u00f3n Delegada<\/a><\/li>\n<li><a href=\"http:\/\/www.inces.gob.ve\/index.php\/programa-nacional-de-emprendimiento\/\" target=\"_blank\"> Programa Nacional de Emprendimiento<\/a><\/li>\n<li><a href=\"http:\/\/www.inces.gob.ve\/index.php\/formacion-de-formadores\/\" target=\"_blank\">Formaci\u00f3n de Formadores<\/a><\/li>\n<li><a href=\"http:\/\/www.inces.gob.ve\/index.php\/programa-inces-militar\/\" target=\"_blank\">Inces Militar<\/a><\/li>\n<li><a href=\"http:\/\/www.inces.gob.ve\/index.php\/bachillerato-productivo\/\" target=\"_blank\">Bachillerato Productivo<\/a><\/li>\n<li><a href=\"http:\/\/www.inces.gob.ve\/index.php\/plan-de-formacion-y-autoformacion-de-trabajadoras-y-trabajadores\/\" target=\"_blank\">Plan Trabajadores<\/a><\/li>\n<li><a href=\"http:\/\/www.inces.gob.ve\/index.php\/programa-de-educacion-especial\/\" target=\"_blank\">Educaci\u00f3n Especial<\/a><\/li>\n<li><a href=\"http:\/\/www.inces.gob.ve\/index.php\/programa-penitenciario\/\" target=\"_blank\">Penitenciario<\/a><\/li>\n<li><a href=\"http:\/\/www.inces.gob.ve\/index.php\/programa-intercultural-bilingue\/\" target=\"_blank\">Intercultural Biling\u00fce<\/a><\/li>\n<li><a href=\"http:\/\/www.inces.gob.ve\/index.php\/formacion-productiva\/\" target=\"_blank\">Formaci\u00f3n Productiva<\/a><\/li>\n<\/ul>\n\t<\/li>\n \t<li><a href=\"http:\/\/www.inces.gob.ve\/index.php\/modalidades\/\">Modalidades<\/a><\/li>\n\t<li><a href=\"http:\/\/www.inces.gob.ve\/index.php\/ambitos\/\">\u00c1mbitos<\/a><\/li>\n<li><a href=\"http:\/\/www.inces.gob.ve\/index.php\/proyectos-especiales\/\">Proyectos Especiales<\/a><\/li>\n <\/ul>\n<\/div><\/div><\/div><\/div><div id=\"pgc-gb10439-69f1033ea5b8f-1-1\"  class=\"panel-grid-cell\" ><div id=\"panel-gb10439-69f1033ea5b8f-1-1-0\" class=\"widget_text so-panel widget widget_custom_html panel-first-child\" data-index=\"2\" ><div class=\"textwidget custom-html-widget\"><p align=\"justify\">Es un programa educativo donde el estudiante adem\u00e1s de obtener su t\u00edtulo de bachiller avalado por el Ministerio del Poder Popular para la Educaci\u00f3n, logra la certificaci\u00f3n de poseer los conocimientos t\u00e9cnicos y profesionales a trav\u00e9s de cursos, talleres y seminarios que facilita el INCES, con el objetivo de desarrollar en cada joven un perfil productivo que le permita tener las capacidades, competencias y habilidades para proponer, crear, realizar y\/o ejecutar emprendimientos por y para el trabajo; en aras de su crecimiento personal, profesional, colectivo y comunitario en las diferentes \u00e1reas socioproductivas del estado.<\/p>\n<\/div><\/div><div id=\"panel-gb10439-69f1033ea5b8f-1-1-1\" class=\"widget_text so-panel widget widget_custom_html panel-last-child\" data-index=\"3\" ><div class=\"textwidget custom-html-widget\"><ul id=\"toggle-view\">\n\t<li>\n\t\t<h3>\u00bfQu\u00e9 necesito para ingresar?<\/h3>\n\t\t<span>+<\/span>\n\t\t<div class=\"panel\">\n\t\t\t<p><img loading=\"lazy\" decoding=\"async\" class=\"wp-image-11126 size-full aligncenter\" src=\"http:\/\/www.inces.gob.ve\/wp-content\/uploads\/2018\/05\/requisitos_bachillerato_01.jpg\" alt=\"\" width=\"771\" height=\"501\" srcset=\"https:\/\/inces.gob.ve\/wp-content\/uploads\/2018\/05\/requisitos_bachillerato_01.jpg 771w, https:\/\/inces.gob.ve\/wp-content\/uploads\/2018\/05\/requisitos_bachillerato_01-300x195.jpg 300w, https:\/\/inces.gob.ve\/wp-content\/uploads\/2018\/05\/requisitos_bachillerato_01-768x499.jpg 768w\" sizes=\"auto, (max-width: 771px) 100vw, 771px\" \/><\/p>\n\t\t<\/div>\n\t<\/li>\n\t<li>\n\t\t<h3>\u00bfC\u00f3mo Funciona?<\/h3>\n\t\t<span>+<\/span>\n\t\t<div class=\"panel\">\n\t\t\t<p><img loading=\"lazy\" decoding=\"async\" class=\"aligncenter wp-image-11128 size-full\" src=\"http:\/\/www.inces.gob.ve\/wp-content\/uploads\/2018\/05\/requisitos_bachillerato_02.jpg\" alt=\"\" width=\"800\" height=\"649\" srcset=\"https:\/\/inces.gob.ve\/wp-content\/uploads\/2018\/05\/requisitos_bachillerato_02.jpg 800w, https:\/\/inces.gob.ve\/wp-content\/uploads\/2018\/05\/requisitos_bachillerato_02-300x243.jpg 300w, https:\/\/inces.gob.ve\/wp-content\/uploads\/2018\/05\/requisitos_bachillerato_02-768x623.jpg 768w\" sizes=\"auto, (max-width: 800px) 100vw, 800px\" \/><\/p>\n\t\t<\/div>\n\t<\/li>\n\t<li>\n\t\t<h3>\u00bfC\u00f3mo acredito mis saberes en el Inces?<\/h3>\n\t\t<span>+<\/span>\n\t\t<div class=\"panel\">\n\t\t\t<p><img loading=\"lazy\" decoding=\"async\" class=\"wp-image-11130 size-full aligncenter\" src=\"http:\/\/www.inces.gob.ve\/wp-content\/uploads\/2018\/05\/requisitos_bachillerato_03.jpg\" alt=\"\" width=\"800\" height=\"618\" srcset=\"https:\/\/inces.gob.ve\/wp-content\/uploads\/2018\/05\/requisitos_bachillerato_03.jpg 800w, https:\/\/inces.gob.ve\/wp-content\/uploads\/2018\/05\/requisitos_bachillerato_03-300x232.jpg 300w, https:\/\/inces.gob.ve\/wp-content\/uploads\/2018\/05\/requisitos_bachillerato_03-768x593.jpg 768w\" sizes=\"auto, (max-width: 800px) 100vw, 800px\" \/><\/p>\n\t\t<\/div>\n\t<\/li>\n\t\n<\/ul>\n\n<p style=\"text-align: center;\"><a href=\"http:\/\/hacer.inces.gob.ve\/Account\/Principal\" target=\"_blank\" rel=\"noopener\"><span style=\"font-size: 24pt; text-align: center; color: #006d80;\">\u00a1Conoce m\u00e1s de este programa aqu\u00ed!<\/span><\/a><\/p>\n\n<p><\/p>\n\n<p> <\/p><\/div><\/div><\/div><\/div><\/div>","protected":false},"excerpt":{"rendered":"","protected":false},"author":1,"featured_media":0,"parent":0,"menu_order":0,"comment_status":"closed","ping_status":"closed","template":"","meta":{"footnotes":""},"class_list":["post-10439","page","type-page","status-publish","hentry"],"_links":{"self":[{"href":"https:\/\/inces.gob.ve\/index.php\/wp-json\/wp\/v2\/pages\/10439","targetHints":{"allow":["GET"]}}],"collection":[{"href":"https:\/\/inces.gob.ve\/index.php\/wp-json\/wp\/v2\/pages"}],"about":[{"href":"https:\/\/inces.gob.ve\/index.php\/wp-json\/wp\/v2\/types\/page"}],"author":[{"embeddable":true,"href":"https:\/\/inces.gob.ve\/index.php\/wp-json\/wp\/v2\/users\/1"}],"replies":[{"embeddable":true,"href":"https:\/\/inces.gob.ve\/index.php\/wp-json\/wp\/v2\/comments?post=10439"}],"version-history":[{"count":33,"href":"https:\/\/inces.gob.ve\/index.php\/wp-json\/wp\/v2\/pages\/10439\/revisions"}],"predecessor-version":[{"id":28357,"href":"https:\/\/inces.gob.ve\/index.php\/wp-json\/wp\/v2\/pages\/10439\/revisions\/28357"}],"wp:attachment":[{"href":"https:\/\/inces.gob.ve\/index.php\/wp-json\/wp\/v2\/media?parent=10439"}],"curies":[{"name":"wp","href":"https:\/\/api.w.org\/{rel}","templated":true}]}}