{"id":10476,"date":"2018-05-15T12:40:19","date_gmt":"2018-05-15T18:40:19","guid":{"rendered":"http:\/\/nuevoportal.inces.gob.ve\/?page_id=10476"},"modified":"2020-05-28T20:18:40","modified_gmt":"2020-05-29T00:18:40","slug":"cursos-linea","status":"publish","type":"page","link":"https:\/\/inces.gob.ve\/index.php\/cursos-linea\/","title":{"rendered":"Curso en L\u00ednea"},"content":{"rendered":"<p>[vc_row][vc_column][vc_single_image image=\u00bb11150&#8243; img_size=\u00bbfull\u00bb][\/vc_column][\/vc_row][vc_row][vc_column width=\u00bb1\/4&#8243; css=\u00bb.vc_custom_1513608236034{margin-left: 10px !important;}\u00bb][vc_tta_accordion shape=\u00bbsquare\u00bb color=\u00bbturquoise\u00bb spacing=\u00bb2&#8243; gap=\u00bb1&#8243; c_icon=\u00bbtriangle\u00bb active_section=\u00bb2&#8243; collapsible_all=\u00bbtrue\u00bb][vc_tta_section title=\u00bbProgramas\u00bb tab_id=\u00bb1513607825935-1be1abc5-6b1b\u00bb][vc_custom_heading text=\u00bbPrograma Nacional de Aprendizaje\u00bb font_container=\u00bbtag:h4|text_align:left\u00bb google_fonts=\u00bbfont_family:Abel%3Aregular|font_style:400%20regular%3A400%3Anormal\u00bb link=\u00bburl:http%3A%2F%2Fnuevoportal.inces.gob.ve%2Findex.php%2F364-2%2F||target:%20_blank|\u00bb][vc_custom_heading text=\u00bbCertificaci\u00f3n y Acreditaci\u00f3n del Conocimiento\u00bb font_container=\u00bbtag:h4|text_align:left\u00bb google_fonts=\u00bbfont_family:Abel%3Aregular|font_style:400%20regular%3A400%3Anormal\u00bb link=\u00bburl:http%3A%2F%2Fnuevoportal.inces.gob.ve%2Findex.php%2Fcertificacion-y-acreditacion-del-conocimiento%2F||target:%20_blank|\u00bb][vc_custom_heading text=\u00bbAdiestramiento en Empresas\u00bb font_container=\u00bbtag:h4|text_align:left\u00bb google_fonts=\u00bbfont_family:Abel%3Aregular|font_style:400%20regular%3A400%3Anormal\u00bb link=\u00bburl:http%3A%2F%2Fnuevoportal.inces.gob.ve%2Findex.php%2Fadiestramiento-en-empresas%2F||target:%20_blank|\u00bb][vc_custom_heading text=\u00bbFormaci\u00f3n Delegada\u00bb font_container=\u00bbtag:h4|text_align:left\u00bb google_fonts=\u00bbfont_family:Abel%3Aregular|font_style:400%20regular%3A400%3Anormal\u00bb link=\u00bburl:http%3A%2F%2Fnuevoportal.inces.gob.ve%2Findex.php%2Fformacion-delegada%2F||target:%20_blank|\u00bb][vc_custom_heading text=\u00bbPrograma Nacional de Emprendimiento\u00bb font_container=\u00bbtag:h4|text_align:left\u00bb google_fonts=\u00bbfont_family:Abel%3Aregular|font_style:400%20regular%3A400%3Anormal\u00bb link=\u00bburl:http%3A%2F%2Fnuevoportal.inces.gob.ve%2Findex.php%2Fprograma-nacional-de-emprendimiento%2F||target:%20_blank|\u00bb][vc_custom_heading text=\u00bbFormaci\u00f3n de Formadores\u00bb font_container=\u00bbtag:h4|text_align:left\u00bb google_fonts=\u00bbfont_family:Abel%3Aregular|font_style:400%20regular%3A400%3Anormal\u00bb link=\u00bburl:http%3A%2F%2Fnuevoportal.inces.gob.ve%2Findex.php%2Fformacion-de-formadores%2F||target:%20_blank|\u00bb][vc_custom_heading text=\u00bbInces Militar\u00bb font_container=\u00bbtag:h4|text_align:left\u00bb google_fonts=\u00bbfont_family:Abel%3Aregular|font_style:400%20regular%3A400%3Anormal\u00bb link=\u00bburl:http%3A%2F%2Fnuevoportal.inces.gob.ve%2Findex.php%2Fprograma-inces-militar%2F||target:%20_blank|\u00bb][vc_custom_heading text=\u00bbBachillerato Productivo\u00bb font_container=\u00bbtag:h4|text_align:left\u00bb google_fonts=\u00bbfont_family:Abel%3Aregular|font_style:400%20regular%3A400%3Anormal\u00bb link=\u00bburl:http%3A%2F%2Fnuevoportal.inces.gob.ve%2Findex.php%2Fbachillerato-productivo%2F||target:%20_blank|\u00bb][vc_custom_heading text=\u00bbPlan Trabajadores\u00bb font_container=\u00bbtag:h4|text_align:left\u00bb google_fonts=\u00bbfont_family:Abel%3Aregular|font_style:400%20regular%3A400%3Anormal\u00bb link=\u00bburl:http%3A%2F%2Fnuevoportal.inces.gob.ve%2Findex.php%2Fplan-de-formacion-y-autoformacion-de-trabajadoras-y-trabajadores%2F||target:%20_blank|\u00bb][vc_custom_heading text=\u00bbEducaci\u00f3n Especial\u00bb font_container=\u00bbtag:h4|text_align:left\u00bb google_fonts=\u00bbfont_family:Abel%3Aregular|font_style:400%20regular%3A400%3Anormal\u00bb link=\u00bburl:http%3A%2F%2Fnuevoportal.inces.gob.ve%2Findex.php%2Fprograma-de-educacion-especial%2F||target:%20_blank|\u00bb][vc_custom_heading text=\u00bbPenitenciario\u00bb font_container=\u00bbtag:h4|text_align:left\u00bb google_fonts=\u00bbfont_family:Abel%3Aregular|font_style:400%20regular%3A400%3Anormal\u00bb link=\u00bburl:http%3A%2F%2Fnuevoportal.inces.gob.ve%2Findex.php%2Fprograma-penitenciario%2F||target:%20_blank|\u00bb][vc_custom_heading text=\u00bbIntercultural Biling\u00fce\u00bb font_container=\u00bbtag:h4|text_align:left\u00bb google_fonts=\u00bbfont_family:Abel%3Aregular|font_style:400%20regular%3A400%3Anormal\u00bb link=\u00bburl:http%3A%2F%2Fnuevoportal.inces.gob.ve%2Findex.php%2Fprograma-intercultural-bilingue%2F||target:%20_blank|\u00bb][vc_custom_heading text=\u00bbFormaci\u00f3n Productiva\u00bb font_container=\u00bbtag:h4|text_align:left\u00bb google_fonts=\u00bbfont_family:Abel%3Aregular|font_style:400%20regular%3A400%3Anormal\u00bb link=\u00bburl:http%3A%2F%2Fnuevoportal.inces.gob.ve%2Findex.php%2Fformacion-productiva%2F||target:%20_blank|\u00bb][\/vc_tta_section][vc_tta_section title=\u00bbModalidades\u00bb tab_id=\u00bb1523298957388-53fe3451-d021&#8243;][vc_custom_heading text=\u00bbModalidades\u00bb use_theme_fonts=\u00bbyes\u00bb link=\u00bburl:http%3A%2F%2Fnuevoportal.inces.gob.ve%2Findex.php%2Fmodalidades%2F||target:%20_blank|\u00bb][\/vc_tta_section][vc_tta_section title=\u00bb\u00c1mbitos\u00bb tab_id=\u00bb1523299297381-eb3f87ae-5ecf\u00bb][vc_custom_heading text=\u00bb\u00c1mbitos\u00bb font_container=\u00bbtag:h4|text_align:left\u00bb use_theme_fonts=\u00bbyes\u00bb link=\u00bburl:http%3A%2F%2Fnuevoportal.inces.gob.ve%2Findex.php%2Fambitos%2F||target:%20_blank|\u00bb][\/vc_tta_section][vc_tta_section title=\u00bbProyectos Especiales\u00bb tab_id=\u00bb1523304004957-de9c4417-acce\u00bb][vc_custom_heading text=\u00bbProyectos Especiales\u00bb font_container=\u00bbtag:h4|text_align:left\u00bb google_fonts=\u00bbfont_family:Abel%3Aregular|font_style:400%20regular%3A400%3Anormal\u00bb link=\u00bburl:http%3A%2F%2Fnuevoportal.inces.gob.ve%2Findex.php%2Fproyectos-especiales%2F||target:%20_blank|\u00bb][\/vc_tta_section][\/vc_tta_accordion][\/vc_column][vc_column width=\u00bb3\/4&#8243;][vc_column_text]<\/p>\n<p style=\"text-align: justify;\">Esta modalidad se concibe como una ense\u00f1anza basada en el uso de las herramientas que ofrecen las tecnolog\u00edas de la informaci\u00f3n y la comunicaci\u00f3n, y que abre la posibilidad a las y los participantes de proponer su propio ritmo de actividades, de acuerdo a la disponibilidad de su tiempo y espacio.<br \/>\nLos cursos en l\u00ednea son de car\u00e1cter flexible, abierto y sist\u00e9mico para la formaci\u00f3n y autoformaci\u00f3n productiva, adaptados a los requerimientos de tiempo y horario del cursante. El lapso de ejecuci\u00f3n var\u00eda de acuerdo a las competencias a ser desarrolladas.<\/p>\n<p>[\/vc_column_text][\/vc_column][\/vc_row]<\/p>\n","protected":false},"excerpt":{"rendered":"<p>[vc_row][vc_column][vc_single_image image=\u00bb11150&#8243; img_size=\u00bbfull\u00bb][\/vc_column][\/vc_row][vc_row][vc_column width=\u00bb1\/4&#8243; css=\u00bb.vc_custom_1513608236034{margin-left: 10px !important;}\u00bb][vc_tta_accordion shape=\u00bbsquare\u00bb color=\u00bbturquoise\u00bb spacing=\u00bb2&#8243; gap=\u00bb1&#8243; c_icon=\u00bbtriangle\u00bb active_section=\u00bb2&#8243; collapsible_all=\u00bbtrue\u00bb][vc_tta_section title=\u00bbProgramas\u00bb tab_id=\u00bb1513607825935-1be1abc5-6b1b\u00bb][vc_custom_heading text=\u00bbPrograma Nacional de Aprendizaje\u00bb font_container=\u00bbtag:h4|text_align:left\u00bb google_fonts=\u00bbfont_family:Abel%3Aregular|font_style:400%20regular%3A400%3Anormal\u00bb link=\u00bburl:http%3A%2F%2Fnuevoportal.inces.gob.ve%2Findex.php%2F364-2%2F||target:%20_blank|\u00bb][vc_custom_heading text=\u00bbCertificaci\u00f3n y Acreditaci\u00f3n del Conocimiento\u00bb font_container=\u00bbtag:h4|text_align:left\u00bb google_fonts=\u00bbfont_family:Abel%3Aregular|font_style:400%20regular%3A400%3Anormal\u00bb link=\u00bburl:http%3A%2F%2Fnuevoportal.inces.gob.ve%2Findex.php%2Fcertificacion-y-acreditacion-del-conocimiento%2F||target:%20_blank|\u00bb][vc_custom_heading text=\u00bbAdiestramiento en Empresas\u00bb font_container=\u00bbtag:h4|text_align:left\u00bb google_fonts=\u00bbfont_family:Abel%3Aregular|font_style:400%20regular%3A400%3Anormal\u00bb link=\u00bburl:http%3A%2F%2Fnuevoportal.inces.gob.ve%2Findex.php%2Fadiestramiento-en-empresas%2F||target:%20_blank|\u00bb][vc_custom_heading text=\u00bbFormaci\u00f3n Delegada\u00bb font_container=\u00bbtag:h4|text_align:left\u00bb google_fonts=\u00bbfont_family:Abel%3Aregular|font_style:400%20regular%3A400%3Anormal\u00bb link=\u00bburl:http%3A%2F%2Fnuevoportal.inces.gob.ve%2Findex.php%2Fformacion-delegada%2F||target:%20_blank|\u00bb][vc_custom_heading text=\u00bbPrograma Nacional de Emprendimiento\u00bb font_container=\u00bbtag:h4|text_align:left\u00bb google_fonts=\u00bbfont_family:Abel%3Aregular|font_style:400%20regular%3A400%3Anormal\u00bb link=\u00bburl:http%3A%2F%2Fnuevoportal.inces.gob.ve%2Findex.php%2Fprograma-nacional-de-emprendimiento%2F||target:%20_blank|\u00bb][vc_custom_heading text=\u00bbFormaci\u00f3n de Formadores\u00bb font_container=\u00bbtag:h4|text_align:left\u00bb google_fonts=\u00bbfont_family:Abel%3Aregular|font_style:400%20regular%3A400%3Anormal\u00bb link=\u00bburl:http%3A%2F%2Fnuevoportal.inces.gob.ve%2Findex.php%2Fformacion-de-formadores%2F||target:%20_blank|\u00bb][vc_custom_heading [&hellip;]<\/p>\n","protected":false},"author":1,"featured_media":0,"parent":0,"menu_order":0,"comment_status":"closed","ping_status":"closed","template":"","meta":{"footnotes":""},"class_list":["post-10476","page","type-page","status-publish","hentry"],"_links":{"self":[{"href":"https:\/\/inces.gob.ve\/index.php\/wp-json\/wp\/v2\/pages\/10476","targetHints":{"allow":["GET"]}}],"collection":[{"href":"https:\/\/inces.gob.ve\/index.php\/wp-json\/wp\/v2\/pages"}],"about":[{"href":"https:\/\/inces.gob.ve\/index.php\/wp-json\/wp\/v2\/types\/page"}],"author":[{"embeddable":true,"href":"https:\/\/inces.gob.ve\/index.php\/wp-json\/wp\/v2\/users\/1"}],"replies":[{"embeddable":true,"href":"https:\/\/inces.gob.ve\/index.php\/wp-json\/wp\/v2\/comments?post=10476"}],"version-history":[{"count":7,"href":"https:\/\/inces.gob.ve\/index.php\/wp-json\/wp\/v2\/pages\/10476\/revisions"}],"predecessor-version":[{"id":11518,"href":"https:\/\/inces.gob.ve\/index.php\/wp-json\/wp\/v2\/pages\/10476\/revisions\/11518"}],"wp:attachment":[{"href":"https:\/\/inces.gob.ve\/index.php\/wp-json\/wp\/v2\/media?parent=10476"}],"curies":[{"name":"wp","href":"https:\/\/api.w.org\/{rel}","templated":true}]}}