{"id":10489,"date":"2018-05-15T12:51:25","date_gmt":"2018-05-15T18:51:25","guid":{"rendered":"http:\/\/nuevoportal.inces.gob.ve\/?page_id=10489"},"modified":"2020-05-28T20:20:15","modified_gmt":"2020-05-29T00:20:15","slug":"seminario","status":"publish","type":"page","link":"https:\/\/inces.gob.ve\/index.php\/seminario\/","title":{"rendered":"Seminario de Investigaci\u00f3n Productivo"},"content":{"rendered":"<p>[vc_row][vc_column][vc_single_image image=\u00bb11160&#8243; img_size=\u00bbfull\u00bb][\/vc_column][\/vc_row][vc_row][vc_column width=\u00bb1\/4&#8243; css=\u00bb.vc_custom_1513608236034{margin-left: 10px !important;}\u00bb][vc_tta_accordion shape=\u00bbsquare\u00bb color=\u00bbturquoise\u00bb spacing=\u00bb2&#8243; gap=\u00bb1&#8243; c_icon=\u00bbtriangle\u00bb active_section=\u00bb2&#8243; collapsible_all=\u00bbtrue\u00bb][vc_tta_section title=\u00bbProgramas\u00bb tab_id=\u00bb1513607825935-1be1abc5-6b1b\u00bb][vc_custom_heading text=\u00bbPrograma Nacional de Aprendizaje\u00bb font_container=\u00bbtag:h4|text_align:left\u00bb google_fonts=\u00bbfont_family:Abel%3Aregular|font_style:400%20regular%3A400%3Anormal\u00bb link=\u00bburl:http%3A%2F%2Fnuevoportal.inces.gob.ve%2Findex.php%2F364-2%2F||target:%20_blank|\u00bb][vc_custom_heading text=\u00bbCertificaci\u00f3n y Acreditaci\u00f3n del Conocimiento\u00bb font_container=\u00bbtag:h4|text_align:left\u00bb google_fonts=\u00bbfont_family:Abel%3Aregular|font_style:400%20regular%3A400%3Anormal\u00bb link=\u00bburl:http%3A%2F%2Fnuevoportal.inces.gob.ve%2Findex.php%2Fcertificacion-y-acreditacion-del-conocimiento%2F||target:%20_blank|\u00bb][vc_custom_heading text=\u00bbAdiestramiento en Empresas\u00bb font_container=\u00bbtag:h4|text_align:left\u00bb google_fonts=\u00bbfont_family:Abel%3Aregular|font_style:400%20regular%3A400%3Anormal\u00bb link=\u00bburl:http%3A%2F%2Fnuevoportal.inces.gob.ve%2Findex.php%2Fadiestramiento-en-empresas%2F||target:%20_blank|\u00bb][vc_custom_heading text=\u00bbFormaci\u00f3n Delegada\u00bb font_container=\u00bbtag:h4|text_align:left\u00bb google_fonts=\u00bbfont_family:Abel%3Aregular|font_style:400%20regular%3A400%3Anormal\u00bb link=\u00bburl:http%3A%2F%2Fnuevoportal.inces.gob.ve%2Findex.php%2Fformacion-delegada%2F||target:%20_blank|\u00bb][vc_custom_heading text=\u00bbPrograma Nacional de Emprendimiento\u00bb font_container=\u00bbtag:h4|text_align:left\u00bb google_fonts=\u00bbfont_family:Abel%3Aregular|font_style:400%20regular%3A400%3Anormal\u00bb link=\u00bburl:http%3A%2F%2Fnuevoportal.inces.gob.ve%2Findex.php%2Fprograma-nacional-de-emprendimiento%2F||target:%20_blank|\u00bb][vc_custom_heading text=\u00bbFormaci\u00f3n de Formadores\u00bb font_container=\u00bbtag:h4|text_align:left\u00bb google_fonts=\u00bbfont_family:Abel%3Aregular|font_style:400%20regular%3A400%3Anormal\u00bb link=\u00bburl:http%3A%2F%2Fnuevoportal.inces.gob.ve%2Findex.php%2Fformacion-de-formadores%2F||target:%20_blank|\u00bb][vc_custom_heading text=\u00bbInces Militar\u00bb font_container=\u00bbtag:h4|text_align:left\u00bb google_fonts=\u00bbfont_family:Abel%3Aregular|font_style:400%20regular%3A400%3Anormal\u00bb link=\u00bburl:http%3A%2F%2Fnuevoportal.inces.gob.ve%2Findex.php%2Fprograma-inces-militar%2F||target:%20_blank|\u00bb][vc_custom_heading text=\u00bbBachillerato Productivo\u00bb font_container=\u00bbtag:h4|text_align:left\u00bb google_fonts=\u00bbfont_family:Abel%3Aregular|font_style:400%20regular%3A400%3Anormal\u00bb link=\u00bburl:http%3A%2F%2Fnuevoportal.inces.gob.ve%2Findex.php%2Fbachillerato-productivo%2F||target:%20_blank|\u00bb][vc_custom_heading text=\u00bbPlan Trabajadores\u00bb font_container=\u00bbtag:h4|text_align:left\u00bb google_fonts=\u00bbfont_family:Abel%3Aregular|font_style:400%20regular%3A400%3Anormal\u00bb link=\u00bburl:http%3A%2F%2Fnuevoportal.inces.gob.ve%2Findex.php%2Fplan-de-formacion-y-autoformacion-de-trabajadoras-y-trabajadores%2F||target:%20_blank|\u00bb][vc_custom_heading text=\u00bbEducaci\u00f3n Especial\u00bb font_container=\u00bbtag:h4|text_align:left\u00bb google_fonts=\u00bbfont_family:Abel%3Aregular|font_style:400%20regular%3A400%3Anormal\u00bb link=\u00bburl:http%3A%2F%2Fnuevoportal.inces.gob.ve%2Findex.php%2Fprograma-de-educacion-especial%2F||target:%20_blank|\u00bb][vc_custom_heading text=\u00bbPenitenciario\u00bb font_container=\u00bbtag:h4|text_align:left\u00bb google_fonts=\u00bbfont_family:Abel%3Aregular|font_style:400%20regular%3A400%3Anormal\u00bb link=\u00bburl:http%3A%2F%2Fnuevoportal.inces.gob.ve%2Findex.php%2Fprograma-penitenciario%2F||target:%20_blank|\u00bb][vc_custom_heading text=\u00bbIntercultural Biling\u00fce\u00bb font_container=\u00bbtag:h4|text_align:left\u00bb google_fonts=\u00bbfont_family:Abel%3Aregular|font_style:400%20regular%3A400%3Anormal\u00bb link=\u00bburl:http%3A%2F%2Fnuevoportal.inces.gob.ve%2Findex.php%2Fprograma-intercultural-bilingue%2F||target:%20_blank|\u00bb][vc_custom_heading text=\u00bbFormaci\u00f3n Productiva\u00bb font_container=\u00bbtag:h4|text_align:left\u00bb google_fonts=\u00bbfont_family:Abel%3Aregular|font_style:400%20regular%3A400%3Anormal\u00bb link=\u00bburl:http%3A%2F%2Fnuevoportal.inces.gob.ve%2Findex.php%2Fformacion-productiva%2F||target:%20_blank|\u00bb][\/vc_tta_section][vc_tta_section title=\u00bbModalidades\u00bb tab_id=\u00bb1523298957388-53fe3451-d021&#8243;][vc_custom_heading text=\u00bbModalidades\u00bb use_theme_fonts=\u00bbyes\u00bb link=\u00bburl:http%3A%2F%2Fnuevoportal.inces.gob.ve%2Findex.php%2Fmodalidades%2F||target:%20_blank|\u00bb][\/vc_tta_section][vc_tta_section title=\u00bb\u00c1mbitos\u00bb tab_id=\u00bb1523299297381-eb3f87ae-5ecf\u00bb][vc_custom_heading text=\u00bb\u00c1mbitos\u00bb font_container=\u00bbtag:h4|text_align:left\u00bb use_theme_fonts=\u00bbyes\u00bb link=\u00bburl:http%3A%2F%2Fnuevoportal.inces.gob.ve%2Findex.php%2Fambitos%2F||target:%20_blank|\u00bb][\/vc_tta_section][vc_tta_section title=\u00bbProyectos Especiales\u00bb tab_id=\u00bb1523304004957-de9c4417-acce\u00bb][vc_custom_heading text=\u00bbProyectos Especiales\u00bb font_container=\u00bbtag:h4|text_align:left\u00bb google_fonts=\u00bbfont_family:Abel%3Aregular|font_style:400%20regular%3A400%3Anormal\u00bb link=\u00bburl:http%3A%2F%2Fnuevoportal.inces.gob.ve%2Findex.php%2Fproyectos-especiales%2F||target:%20_blank|\u00bb][\/vc_tta_section][\/vc_tta_accordion][\/vc_column][vc_column width=\u00bb3\/4&#8243;][vc_single_image image=\u00bb11537&#8243; img_size=\u00bbfull\u00bb alignment=\u00bbcenter\u00bb][vc_column_text]<\/p>\n<p style=\"text-align: justify;\">Es un encuentro did\u00e1ctico donde el facilitador desarrolla integralmente los aspectos cognitivos, afectivos y pr\u00e1cticos interactuando con los participantes, desde ambientes acad\u00e9micos, \u00e1mbitos, entornos o contextos productivos, para construir e intercambiar saberes o desarrollar investigaciones, propiciando el intercambio cient\u00edfico de conocimientos y experiencias, con el objeto de generar nuevas propuestas socioformativas e impulsar redes de cooperaci\u00f3n y semilleros de investigaci\u00f3n en formaci\u00f3n, educaci\u00f3n y pedagog\u00eda, para encontrar beneficios acad\u00e9micos, productivos y sociales, en funci\u00f3n de estabilizar y desarrollar el proceso social de trabajo.<\/p>\n<p>Es un proceso activo que promueve la investigaci\u00f3n e indagaci\u00f3n de aspectos relacionados con las necesidades sociales, el desarrollo tecnol\u00f3gico y los avances cient\u00edficos. Adem\u00e1s de la discusi\u00f3n, an\u00e1lisis y organizaci\u00f3n de los aportes, para presentar a todo el grupo los resultados o conclusiones del seminario.<\/p>\n<p>Generan productos de difusi\u00f3n investigativa como art\u00edculos, ponencias, libros, entre otros, que se dan a conocer a la comunidad, en el marco de los requerimientos, para la reactivaci\u00f3n de los sectores productivos, teniendo en cuenta los ejes transversales de la formaci\u00f3n pertinente con el desarrollo econ\u00f3mico de la patria.<\/p>\n<p>Contribuyen con el aprendizaje en colectivo, a trav\u00e9s de la comunicaci\u00f3n y estimula el uso racional y efectivo de las m\u00faltiples fuentes de informaci\u00f3n. El lapso de ejecuci\u00f3n var\u00eda entre 40 y 120 horas, de acuerdo a las competencias a ser desarrolladas.<\/p>\n<p>[\/vc_column_text][\/vc_column][\/vc_row]<\/p>\n","protected":false},"excerpt":{"rendered":"<p>[vc_row][vc_column][vc_single_image image=\u00bb11160&#8243; img_size=\u00bbfull\u00bb][\/vc_column][\/vc_row][vc_row][vc_column width=\u00bb1\/4&#8243; css=\u00bb.vc_custom_1513608236034{margin-left: 10px !important;}\u00bb][vc_tta_accordion shape=\u00bbsquare\u00bb color=\u00bbturquoise\u00bb spacing=\u00bb2&#8243; gap=\u00bb1&#8243; c_icon=\u00bbtriangle\u00bb active_section=\u00bb2&#8243; collapsible_all=\u00bbtrue\u00bb][vc_tta_section title=\u00bbProgramas\u00bb tab_id=\u00bb1513607825935-1be1abc5-6b1b\u00bb][vc_custom_heading text=\u00bbPrograma Nacional de Aprendizaje\u00bb font_container=\u00bbtag:h4|text_align:left\u00bb google_fonts=\u00bbfont_family:Abel%3Aregular|font_style:400%20regular%3A400%3Anormal\u00bb link=\u00bburl:http%3A%2F%2Fnuevoportal.inces.gob.ve%2Findex.php%2F364-2%2F||target:%20_blank|\u00bb][vc_custom_heading text=\u00bbCertificaci\u00f3n y Acreditaci\u00f3n del Conocimiento\u00bb font_container=\u00bbtag:h4|text_align:left\u00bb google_fonts=\u00bbfont_family:Abel%3Aregular|font_style:400%20regular%3A400%3Anormal\u00bb link=\u00bburl:http%3A%2F%2Fnuevoportal.inces.gob.ve%2Findex.php%2Fcertificacion-y-acreditacion-del-conocimiento%2F||target:%20_blank|\u00bb][vc_custom_heading text=\u00bbAdiestramiento en Empresas\u00bb font_container=\u00bbtag:h4|text_align:left\u00bb google_fonts=\u00bbfont_family:Abel%3Aregular|font_style:400%20regular%3A400%3Anormal\u00bb link=\u00bburl:http%3A%2F%2Fnuevoportal.inces.gob.ve%2Findex.php%2Fadiestramiento-en-empresas%2F||target:%20_blank|\u00bb][vc_custom_heading text=\u00bbFormaci\u00f3n Delegada\u00bb font_container=\u00bbtag:h4|text_align:left\u00bb google_fonts=\u00bbfont_family:Abel%3Aregular|font_style:400%20regular%3A400%3Anormal\u00bb link=\u00bburl:http%3A%2F%2Fnuevoportal.inces.gob.ve%2Findex.php%2Fformacion-delegada%2F||target:%20_blank|\u00bb][vc_custom_heading text=\u00bbPrograma Nacional de Emprendimiento\u00bb font_container=\u00bbtag:h4|text_align:left\u00bb google_fonts=\u00bbfont_family:Abel%3Aregular|font_style:400%20regular%3A400%3Anormal\u00bb link=\u00bburl:http%3A%2F%2Fnuevoportal.inces.gob.ve%2Findex.php%2Fprograma-nacional-de-emprendimiento%2F||target:%20_blank|\u00bb][vc_custom_heading text=\u00bbFormaci\u00f3n de Formadores\u00bb font_container=\u00bbtag:h4|text_align:left\u00bb google_fonts=\u00bbfont_family:Abel%3Aregular|font_style:400%20regular%3A400%3Anormal\u00bb link=\u00bburl:http%3A%2F%2Fnuevoportal.inces.gob.ve%2Findex.php%2Fformacion-de-formadores%2F||target:%20_blank|\u00bb][vc_custom_heading [&hellip;]<\/p>\n","protected":false},"author":1,"featured_media":0,"parent":0,"menu_order":0,"comment_status":"closed","ping_status":"closed","template":"","meta":{"footnotes":""},"class_list":["post-10489","page","type-page","status-publish","hentry"],"_links":{"self":[{"href":"https:\/\/inces.gob.ve\/index.php\/wp-json\/wp\/v2\/pages\/10489","targetHints":{"allow":["GET"]}}],"collection":[{"href":"https:\/\/inces.gob.ve\/index.php\/wp-json\/wp\/v2\/pages"}],"about":[{"href":"https:\/\/inces.gob.ve\/index.php\/wp-json\/wp\/v2\/types\/page"}],"author":[{"embeddable":true,"href":"https:\/\/inces.gob.ve\/index.php\/wp-json\/wp\/v2\/users\/1"}],"replies":[{"embeddable":true,"href":"https:\/\/inces.gob.ve\/index.php\/wp-json\/wp\/v2\/comments?post=10489"}],"version-history":[{"count":8,"href":"https:\/\/inces.gob.ve\/index.php\/wp-json\/wp\/v2\/pages\/10489\/revisions"}],"predecessor-version":[{"id":11536,"href":"https:\/\/inces.gob.ve\/index.php\/wp-json\/wp\/v2\/pages\/10489\/revisions\/11536"}],"wp:attachment":[{"href":"https:\/\/inces.gob.ve\/index.php\/wp-json\/wp\/v2\/media?parent=10489"}],"curies":[{"name":"wp","href":"https:\/\/api.w.org\/{rel}","templated":true}]}}

Seminario de Investigación Productivo

<p>[vc_row][vc_column][vc_single_image image=»11160&#8243; img_size=»full»][/vc_column][/vc_row][vc_row][vc_column width=»1/4&#8243; css=».vc_custom_1513608236034{margin-left: 10px !important;}»][vc_tta_accordion shape=»square» color=»turquoise» spacing=»2&#8243; gap=»1&#8243; c_icon=»triangle» active_section=»2&#8243; collapsible_all=»true»][vc_tta_section title=»Programas» tab_id=»1513607825935-1be1abc5-6b1b»][vc_custom_heading text=»Programa Nacional de Aprendizaje» font_container=»tag:h4|text_align:left» google_fonts=»font_family:Abel%3Aregular|font_style:400%20regular%3A400%3Anormal» link=»url:http%3A%2F%2Fnuevoportal.inces.gob.ve%2Findex.php%2F364-2%2F||target:%20_blank|»][vc_custom_heading text=»Certificación y Acreditación del Conocimiento» font_container=»tag:h4|text_align:left» google_fonts=»font_family:Abel%3Aregular|font_style:400%20regular%3A400%3Anormal» link=»url:http%3A%2F%2Fnuevoportal.inces.gob.ve%2Findex.php%2Fcertificacion-y-acreditacion-del-conocimiento%2F||target:%20_blank|»][vc_custom_heading text=»Adiestramiento en Empresas» font_container=»tag:h4|text_align:left» google_fonts=»font_family:Abel%3Aregular|font_style:400%20regular%3A400%3Anormal» link=»url:http%3A%2F%2Fnuevoportal.inces.gob.ve%2Findex.php%2Fadiestramiento-en-empresas%2F||target:%20_blank|»][vc_custom_heading text=»Formación Delegada» font_container=»tag:h4|text_align:left» google_fonts=»font_family:Abel%3Aregular|font_style:400%20regular%3A400%3Anormal» link=»url:http%3A%2F%2Fnuevoportal.inces.gob.ve%2Findex.php%2Fformacion-delegada%2F||target:%20_blank|»][vc_custom_heading text=»Programa Nacional de Emprendimiento» font_container=»tag:h4|text_align:left» google_fonts=»font_family:Abel%3Aregular|font_style:400%20regular%3A400%3Anormal» link=»url:http%3A%2F%2Fnuevoportal.inces.gob.ve%2Findex.php%2Fprograma-nacional-de-emprendimiento%2F||target:%20_blank|»][vc_custom_heading text=»Formación de Formadores» font_container=»tag:h4|text_align:left» google_fonts=»font_family:Abel%3Aregular|font_style:400%20regular%3A400%3Anormal» link=»url:http%3A%2F%2Fnuevoportal.inces.gob.ve%2Findex.php%2Fformacion-de-formadores%2F||target:%20_blank|»][vc_custom_heading text=»Inces Militar» font_container=»tag:h4|text_align:left» google_fonts=»font_family:Abel%3Aregular|font_style:400%20regular%3A400%3Anormal» link=»url:http%3A%2F%2Fnuevoportal.inces.gob.ve%2Findex.php%2Fprograma-inces-militar%2F||target:%20_blank|»][vc_custom_heading text=»Bachillerato Productivo» font_container=»tag:h4|text_align:left» google_fonts=»font_family:Abel%3Aregular|font_style:400%20regular%3A400%3Anormal» link=»url:http%3A%2F%2Fnuevoportal.inces.gob.ve%2Findex.php%2Fbachillerato-productivo%2F||target:%20_blank|»][vc_custom_heading text=»Plan Trabajadores» font_container=»tag:h4|text_align:left» google_fonts=»font_family:Abel%3Aregular|font_style:400%20regular%3A400%3Anormal» link=»url:http%3A%2F%2Fnuevoportal.inces.gob.ve%2Findex.php%2Fplan-de-formacion-y-autoformacion-de-trabajadoras-y-trabajadores%2F||target:%20_blank|»][vc_custom_heading text=»Educación Especial» font_container=»tag:h4|text_align:left» google_fonts=»font_family:Abel%3Aregular|font_style:400%20regular%3A400%3Anormal» link=»url:http%3A%2F%2Fnuevoportal.inces.gob.ve%2Findex.php%2Fprograma-de-educacion-especial%2F||target:%20_blank|»][vc_custom_heading text=»Penitenciario» font_container=»tag:h4|text_align:left» google_fonts=»font_family:Abel%3Aregular|font_style:400%20regular%3A400%3Anormal» link=»url:http%3A%2F%2Fnuevoportal.inces.gob.ve%2Findex.php%2Fprograma-penitenciario%2F||target:%20_blank|»][vc_custom_heading text=»Intercultural Bilingüe» font_container=»tag:h4|text_align:left» google_fonts=»font_family:Abel%3Aregular|font_style:400%20regular%3A400%3Anormal» link=»url:http%3A%2F%2Fnuevoportal.inces.gob.ve%2Findex.php%2Fprograma-intercultural-bilingue%2F||target:%20_blank|»][vc_custom_heading text=»Formación Productiva» font_container=»tag:h4|text_align:left» google_fonts=»font_family:Abel%3Aregular|font_style:400%20regular%3A400%3Anormal» link=»url:http%3A%2F%2Fnuevoportal.inces.gob.ve%2Findex.php%2Fformacion-productiva%2F||target:%20_blank|»][/vc_tta_section][vc_tta_section title=»Modalidades» tab_id=»1523298957388-53fe3451-d021&#8243;][vc_custom_heading text=»Modalidades» use_theme_fonts=»yes» link=»url:http%3A%2F%2Fnuevoportal.inces.gob.ve%2Findex.php%2Fmodalidades%2F||target:%20_blank|»][/vc_tta_section][vc_tta_section title=»Ámbitos» tab_id=»1523299297381-eb3f87ae-5ecf»][vc_custom_heading text=»Ámbitos» font_container=»tag:h4|text_align:left» use_theme_fonts=»yes» link=»url:http%3A%2F%2Fnuevoportal.inces.gob.ve%2Findex.php%2Fambitos%2F||target:%20_blank|»][/vc_tta_section][vc_tta_section title=»Proyectos Especiales» tab_id=»1523304004957-de9c4417-acce»][vc_custom_heading text=»Proyectos Especiales» font_container=»tag:h4|text_align:left» google_fonts=»font_family:Abel%3Aregular|font_style:400%20regular%3A400%3Anormal» link=»url:http%3A%2F%2Fnuevoportal.inces.gob.ve%2Findex.php%2Fproyectos-especiales%2F||target:%20_blank|»][/vc_tta_section][/vc_tta_accordion][/vc_column][vc_column width=»3/4&#8243;][vc_single_image image=»11537&#8243; img_size=»full» alignment=»center»][vc_column_text]</p>
<p style="text-align: justify;">Es un encuentro didáctico donde el facilitador desarrolla integralmente los aspectos cognitivos, afectivos y prácticos interactuando con los participantes, desde ambientes académicos, ámbitos, entornos o contextos productivos, para construir e intercambiar saberes o desarrollar investigaciones, propiciando el intercambio científico de conocimientos y experiencias, con el objeto de generar nuevas propuestas socioformativas e impulsar redes de cooperación y semilleros de investigación en formación, educación y pedagogía, para encontrar beneficios académicos, productivos y sociales, en función de estabilizar y desarrollar el proceso social de trabajo.</p>
<p>Es un proceso activo que promueve la investigación e indagación de aspectos relacionados con las necesidades sociales, el desarrollo tecnológico y los avances científicos. Además de la discusión, análisis y organización de los aportes, para presentar a todo el grupo los resultados o conclusiones del seminario.</p>
<p>Generan productos de difusión investigativa como artículos, ponencias, libros, entre otros, que se dan a conocer a la comunidad, en el marco de los requerimientos, para la reactivación de los sectores productivos, teniendo en cuenta los ejes transversales de la formación pertinente con el desarrollo económico de la patria.</p>
<p>Contribuyen con el aprendizaje en colectivo, a través de la comunicación y estimula el uso racional y efectivo de las múltiples fuentes de información. El lapso de ejecución varía entre 40 y 120 horas, de acuerdo a las competencias a ser desarrolladas.</p>
<p>[/vc_column_text][/vc_column][/vc_row]</p>

<p>[vc_row][vc_column][vc_single_image image=»11160&#8243; img_size=»full»][/vc_column][/vc_row][vc_row][vc_column width=»1/4&#8243; css=».vc_custom_1513608236034{margin-left: 10px !important;}»][vc_tta_accordion shape=»square» color=»turquoise» spacing=»2&#8243; gap=»1&#8243; c_icon=»triangle» active_section=»2&#8243; collapsible_all=»true»][vc_tta_section title=»Programas» tab_id=»1513607825935-1be1abc5-6b1b»][vc_custom_heading text=»Programa Nacional de Aprendizaje» font_container=»tag:h4|text_align:left» google_fonts=»font_family:Abel%3Aregular|font_style:400%20regular%3A400%3Anormal» link=»url:http%3A%2F%2Fnuevoportal.inces.gob.ve%2Findex.php%2F364-2%2F||target:%20_blank|»][vc_custom_heading text=»Certificación y Acreditación del Conocimiento» font_container=»tag:h4|text_align:left» google_fonts=»font_family:Abel%3Aregular|font_style:400%20regular%3A400%3Anormal» link=»url:http%3A%2F%2Fnuevoportal.inces.gob.ve%2Findex.php%2Fcertificacion-y-acreditacion-del-conocimiento%2F||target:%20_blank|»][vc_custom_heading text=»Adiestramiento en Empresas» font_container=»tag:h4|text_align:left» google_fonts=»font_family:Abel%3Aregular|font_style:400%20regular%3A400%3Anormal» link=»url:http%3A%2F%2Fnuevoportal.inces.gob.ve%2Findex.php%2Fadiestramiento-en-empresas%2F||target:%20_blank|»][vc_custom_heading text=»Formación Delegada» font_container=»tag:h4|text_align:left» google_fonts=»font_family:Abel%3Aregular|font_style:400%20regular%3A400%3Anormal» link=»url:http%3A%2F%2Fnuevoportal.inces.gob.ve%2Findex.php%2Fformacion-delegada%2F||target:%20_blank|»][vc_custom_heading text=»Programa Nacional de Emprendimiento» font_container=»tag:h4|text_align:left» google_fonts=»font_family:Abel%3Aregular|font_style:400%20regular%3A400%3Anormal» link=»url:http%3A%2F%2Fnuevoportal.inces.gob.ve%2Findex.php%2Fprograma-nacional-de-emprendimiento%2F||target:%20_blank|»][vc_custom_heading text=»Formación de Formadores» font_container=»tag:h4|text_align:left» google_fonts=»font_family:Abel%3Aregular|font_style:400%20regular%3A400%3Anormal» link=»url:http%3A%2F%2Fnuevoportal.inces.gob.ve%2Findex.php%2Fformacion-de-formadores%2F||target:%20_blank|»][vc_custom_heading [&hellip;]</p>
