{"id":10976,"date":"2018-06-12T13:23:27","date_gmt":"2018-06-12T19:23:27","guid":{"rendered":"http:\/\/nuevoportal.inces.gob.ve\/?page_id=10976"},"modified":"2020-05-28T20:19:04","modified_gmt":"2020-05-29T00:19:04","slug":"formadores","status":"publish","type":"page","link":"https:\/\/inces.gob.ve\/index.php\/formadores\/","title":{"rendered":"Formadores"},"content":{"rendered":"<div id=\"pl-10976\"  class=\"panel-layout\" ><div id=\"pg-10976-0\"  class=\"panel-grid panel-no-style\" ><div id=\"pgc-10976-0-0\"  class=\"panel-grid-cell\" ><div id=\"panel-10976-0-0-0\" class=\"so-panel widget widget_widget_sp_image widget_sp_image panel-first-child panel-last-child\" data-index=\"0\" ><img loading=\"lazy\" decoding=\"async\" width=\"1170\" height=\"91\" class=\"attachment-full\" style=\"max-width: 100%;\" srcset=\"https:\/\/inces.gob.ve\/wp-content\/uploads\/2018\/06\/Titulos_formadores.png 1170w, https:\/\/inces.gob.ve\/wp-content\/uploads\/2018\/06\/Titulos_formadores-300x23.png 300w, https:\/\/inces.gob.ve\/wp-content\/uploads\/2018\/06\/Titulos_formadores-768x60.png 768w, https:\/\/inces.gob.ve\/wp-content\/uploads\/2018\/06\/Titulos_formadores-1024x80.png 1024w\" sizes=\"auto, (max-width: 1170px) 100vw, 1170px\" src=\"https:\/\/inces.gob.ve\/wp-content\/uploads\/2018\/06\/Titulos_formadores.png\" \/><\/div><\/div><\/div><div id=\"pg-10976-1\"  class=\"panel-grid panel-no-style\" ><div id=\"pgc-10976-1-0\"  class=\"panel-grid-cell\" ><div id=\"panel-10976-1-0-0\" class=\"widget_text so-panel widget widget_custom_html panel-first-child panel-last-child\" data-index=\"1\" ><div class=\"textwidget custom-html-widget\"><div class=\"contenedor-menuver\">\n\n<!--a class=\"btn-menuver\" href=\"#\">Menu <i class=\"icono derecha fas fa-bars\"><\/i><\/a-->\n<ul class=\"menuver\">\n \t<li><i class=\"icono izquierda fas fa-chevron-down\"><\/i><a href=\"\">Sujetos de Aprendizaje<\/a>\n\t<ul>\n \t<li><a href=\"http:\/\/www.inces.gob.ve\/index.php\/aprendiz-inces\/\">Aprendices Inces<\/a><\/li>\n \t<\/ul>\n<\/li>\n \t<li><i class=\"icono izquierda fas fa-chevron-down\"><\/i><a href=\"\">Formadores<\/a>\n<ul>\n \t<li><a href=\"http:\/\/www.inces.gob.ve\/index.php\/formadores\/\">\u00bfQuieres ser Formador Inces?<\/a><\/li>\n \t<li><a href=\"http:\/\/www.inces.gob.ve\/index.php\/servicios-al-trabajador\/\">Descarga tu recibo de pago<\/a><\/li>\n \t<\/ul>\n<\/li>\n<li><i class=\"icono izquierda fas fa-chevron-down\"><\/i><a href=\"\">Egresados<\/a>\n<ul>\n \t<li><a href=\"http:\/\/www.inces.gob.ve\/index.php\/certificado-en-linea\/\">Certificado en L\u00ednea<\/a><\/li>\n <\/ul>\n<\/li>\n \t<\/ul>\n<\/div><\/div><\/div><\/div><div id=\"pgc-10976-1-1\"  class=\"panel-grid-cell\" ><div id=\"panel-10976-1-1-0\" class=\"so-panel widget widget_widget_sp_image widget_sp_image panel-first-child panel-last-child\" data-index=\"2\" ><img loading=\"lazy\" decoding=\"async\" width=\"800\" height=\"400\" class=\"attachment-full\" style=\"max-width: 100%;\" srcset=\"https:\/\/inces.gob.ve\/wp-content\/uploads\/2018\/06\/banner_cfs_formadores.png 800w, https:\/\/inces.gob.ve\/wp-content\/uploads\/2018\/06\/banner_cfs_formadores-300x150.png 300w, https:\/\/inces.gob.ve\/wp-content\/uploads\/2018\/06\/banner_cfs_formadores-768x384.png 768w\" sizes=\"auto, (max-width: 800px) 100vw, 800px\" src=\"https:\/\/inces.gob.ve\/wp-content\/uploads\/2018\/06\/banner_cfs_formadores.png\" \/><\/div><\/div><\/div><div id=\"pg-10976-2\"  class=\"panel-grid panel-no-style\" ><div id=\"pgc-10976-2-0\"  class=\"panel-grid-cell panel-grid-cell-empty\" ><\/div><div id=\"pgc-10976-2-1\"  class=\"panel-grid-cell\" ><div id=\"panel-10976-2-1-0\" class=\"widget_text so-panel widget widget_custom_html panel-first-child panel-last-child\" data-index=\"3\" ><div class=\"textwidget custom-html-widget\"><b>\u00bfQuieres ser formador en el Inces?<\/b>\n\n<ul>\n<li>Instructor(a) Fijo(a)<\/li>\n<li>Formador(a) de Entidades de Trabajo<\/li>\n<li>Formador(a) de alianzas estrat\u00e9gicas<\/li>\n<li>Maestro(a) T\u00e9cnico Productivo (MTP)<\/li>\n<li>Promotor(a) T\u00e9cnico Productivo (PTP)<\/li>\n<li>Promotor(a) Privado de Libertad (PVL)<\/li>\n<li>Promotor(a) en centro penitenciario<\/li>\n<li>Facilitador(a) de Media General (B\u00e1sica)<\/li>\n<\/ul><\/div><\/div><\/div><div id=\"pgc-10976-2-2\"  class=\"panel-grid-cell\" ><div id=\"panel-10976-2-2-0\" class=\"widget_text so-panel widget widget_custom_html panel-first-child panel-last-child\" data-index=\"4\" ><div class=\"textwidget custom-html-widget\"><b>Requisitos para ser Formador Inces<\/b>\n\n<ul>\n<li>De no ser bachiller, debe tener certificaci\u00f3n del \u00e1rea especializada por el Inces.<\/li>\n<li>Bachiller o t\u00e9cnico medio certificado por el Inces o con cualquier otra certificaci\u00f3n del \u00e1rea especializada.<\/li>\n<li>Formador(a) de alianzas estrat\u00e9gicas<\/li>\n<li>Bachiller o t\u00e9cnico medio en el \u00e1rea especializada, certificado o no por el Inces.<\/li>\n<li>Profesionales de Educaci\u00f3n con especializaci\u00f3n de una o varias \u00e1reas certificados o no por el Inces.<\/li>\n<li>Profesionales de otras carreras especializadas cuyas \u00e1reas deben estar certificadas por el Inces y con Componente Docente.<\/li>\n<\/ul><\/div><\/div><\/div><\/div><div id=\"pg-10976-3\"  class=\"panel-grid panel-no-style\" ><div id=\"pgc-10976-3-0\"  class=\"panel-grid-cell panel-grid-cell-empty\" ><\/div><div id=\"pgc-10976-3-1\"  class=\"panel-grid-cell\" ><div id=\"panel-10976-3-1-0\" class=\"widget_text so-panel widget widget_custom_html panel-first-child panel-last-child\" data-index=\"5\" ><div class=\"textwidget custom-html-widget\"><a href=\"http:\/\/hacer.inces.gob.ve\/Account\/Principal\">\u00a1Post\u00falate como Formador Inces Aqu\u00ed!<\/a><\/div><\/div><\/div><\/div><\/div>","protected":false},"excerpt":{"rendered":"<p>Sujetos de Aprendizaje Aprendices Inces Formadores \u00bfQuieres ser Formador Inces? Descarga tu recibo de pago Egresados Certificado en L\u00ednea \u00bfQuieres ser formador en el Inces? Instructor(a) Fijo(a) Formador(a) de Entidades de Trabajo Formador(a) de alianzas estrat\u00e9gicas Maestro(a) T\u00e9cnico Productivo (MTP) Promotor(a) T\u00e9cnico Productivo (PTP) Promotor(a) Privado de Libertad (PVL) Promotor(a) en centro penitenciario Facilitador(a) de [&hellip;]<\/p>\n","protected":false},"author":1,"featured_media":0,"parent":0,"menu_order":0,"comment_status":"closed","ping_status":"closed","template":"","meta":{"footnotes":""},"class_list":["post-10976","page","type-page","status-publish","hentry"],"_links":{"self":[{"href":"https:\/\/inces.gob.ve\/index.php\/wp-json\/wp\/v2\/pages\/10976","targetHints":{"allow":["GET"]}}],"collection":[{"href":"https:\/\/inces.gob.ve\/index.php\/wp-json\/wp\/v2\/pages"}],"about":[{"href":"https:\/\/inces.gob.ve\/index.php\/wp-json\/wp\/v2\/types\/page"}],"author":[{"embeddable":true,"href":"https:\/\/inces.gob.ve\/index.php\/wp-json\/wp\/v2\/users\/1"}],"replies":[{"embeddable":true,"href":"https:\/\/inces.gob.ve\/index.php\/wp-json\/wp\/v2\/comments?post=10976"}],"version-history":[{"count":27,"href":"https:\/\/inces.gob.ve\/index.php\/wp-json\/wp\/v2\/pages\/10976\/revisions"}],"predecessor-version":[{"id":26735,"href":"https:\/\/inces.gob.ve\/index.php\/wp-json\/wp\/v2\/pages\/10976\/revisions\/26735"}],"wp:attachment":[{"href":"https:\/\/inces.gob.ve\/index.php\/wp-json\/wp\/v2\/media?parent=10976"}],"curies":[{"name":"wp","href":"https:\/\/api.w.org\/{rel}","templated":true}]}}

<div id="pl-10976"  class="panel-layout" ><div id="pg-10976-0"  class="panel-grid panel-no-style" ><div id="pgc-10976-0-0"  class="panel-grid-cell" ><div id="panel-10976-0-0-0" class="so-panel widget widget_widget_sp_image widget_sp_image panel-first-child panel-last-child" data-index="0" ><img loading="lazy" decoding="async" width="1170" height="91" class="attachment-full" style="max-width: 100%;" srcset="https://inces.gob.ve/wp-content/uploads/2018/06/Titulos_formadores.png 1170w, https://inces.gob.ve/wp-content/uploads/2018/06/Titulos_formadores-300x23.png 300w, https://inces.gob.ve/wp-content/uploads/2018/06/Titulos_formadores-768x60.png 768w, https://inces.gob.ve/wp-content/uploads/2018/06/Titulos_formadores-1024x80.png 1024w" sizes="auto, (max-width: 1170px) 100vw, 1170px" src="https://inces.gob.ve/wp-content/uploads/2018/06/Titulos_formadores.png" /></div></div></div><div id="pg-10976-1"  class="panel-grid panel-no-style" ><div id="pgc-10976-1-0"  class="panel-grid-cell" ><div id="panel-10976-1-0-0" class="widget_text so-panel widget widget_custom_html panel-first-child panel-last-child" data-index="1" ><div class="textwidget custom-html-widget"><div class="contenedor-menuver">

<!--a class="btn-menuver" href="#">Menu <i class="icono derecha fas fa-bars"></i></a-->
<ul class="menuver">
 	<li><i class="icono izquierda fas fa-chevron-down"></i><a href="">Sujetos de Aprendizaje</a>
	<ul>
 	<li><a href="http://www.inces.gob.ve/index.php/aprendiz-inces/">Aprendices Inces</a></li>
 	</ul>
</li>
 	<li><i class="icono izquierda fas fa-chevron-down"></i><a href="">Formadores</a>
<ul>
 	<li><a href="http://www.inces.gob.ve/index.php/formadores/">¿Quieres ser Formador Inces?</a></li>
 	<li><a href="http://www.inces.gob.ve/index.php/servicios-al-trabajador/">Descarga tu recibo de pago</a></li>
 	</ul>
</li>
<li><i class="icono izquierda fas fa-chevron-down"></i><a href="">Egresados</a>
<ul>
 	<li><a href="http://www.inces.gob.ve/index.php/certificado-en-linea/">Certificado en Línea</a></li>
 </ul>
</li>
 	</ul>
</div></div></div></div><div id="pgc-10976-1-1"  class="panel-grid-cell" ><div id="panel-10976-1-1-0" class="so-panel widget widget_widget_sp_image widget_sp_image panel-first-child panel-last-child" data-index="2" ><img loading="lazy" decoding="async" width="800" height="400" class="attachment-full" style="max-width: 100%;" srcset="https://inces.gob.ve/wp-content/uploads/2018/06/banner_cfs_formadores.png 800w, https://inces.gob.ve/wp-content/uploads/2018/06/banner_cfs_formadores-300x150.png 300w, https://inces.gob.ve/wp-content/uploads/2018/06/banner_cfs_formadores-768x384.png 768w" sizes="auto, (max-width: 800px) 100vw, 800px" src="https://inces.gob.ve/wp-content/uploads/2018/06/banner_cfs_formadores.png" /></div></div></div><div id="pg-10976-2"  class="panel-grid panel-no-style" ><div id="pgc-10976-2-0"  class="panel-grid-cell panel-grid-cell-empty" ></div><div id="pgc-10976-2-1"  class="panel-grid-cell" ><div id="panel-10976-2-1-0" class="widget_text so-panel widget widget_custom_html panel-first-child panel-last-child" data-index="3" ><div class="textwidget custom-html-widget"><b>¿Quieres ser formador en el Inces?</b>

<ul>
<li>Instructor(a) Fijo(a)</li>
<li>Formador(a) de Entidades de Trabajo</li>
<li>Formador(a) de alianzas estratégicas</li>
<li>Maestro(a) Técnico Productivo (MTP)</li>
<li>Promotor(a) Técnico Productivo (PTP)</li>
<li>Promotor(a) Privado de Libertad (PVL)</li>
<li>Promotor(a) en centro penitenciario</li>
<li>Facilitador(a) de Media General (Básica)</li>
</ul></div></div></div><div id="pgc-10976-2-2"  class="panel-grid-cell" ><div id="panel-10976-2-2-0" class="widget_text so-panel widget widget_custom_html panel-first-child panel-last-child" data-index="4" ><div class="textwidget custom-html-widget"><b>Requisitos para ser Formador Inces</b>

<ul>
<li>De no ser bachiller, debe tener certificación del área especializada por el Inces.</li>
<li>Bachiller o técnico medio certificado por el Inces o con cualquier otra certificación del área especializada.</li>
<li>Formador(a) de alianzas estratégicas</li>
<li>Bachiller o técnico medio en el área especializada, certificado o no por el Inces.</li>
<li>Profesionales de Educación con especialización de una o varias áreas certificados o no por el Inces.</li>
<li>Profesionales de otras carreras especializadas cuyas áreas deben estar certificadas por el Inces y con Componente Docente.</li>
</ul></div></div></div></div><div id="pg-10976-3"  class="panel-grid panel-no-style" ><div id="pgc-10976-3-0"  class="panel-grid-cell panel-grid-cell-empty" ></div><div id="pgc-10976-3-1"  class="panel-grid-cell" ><div id="panel-10976-3-1-0" class="widget_text so-panel widget widget_custom_html panel-first-child panel-last-child" data-index="5" ><div class="textwidget custom-html-widget"><a href="http://hacer.inces.gob.ve/Account/Principal">¡Postúlate como Formador Inces Aquí!</a></div></div></div></div></div>

<p>Sujetos de Aprendizaje Aprendices Inces Formadores ¿Quieres ser Formador Inces? Descarga tu recibo de pago Egresados Certificado en Línea ¿Quieres ser formador en el Inces? Instructor(a) Fijo(a) Formador(a) de Entidades de Trabajo Formador(a) de alianzas estratégicas Maestro(a) Técnico Productivo (MTP) Promotor(a) Técnico Productivo (PTP) Promotor(a) Privado de Libertad (PVL) Promotor(a) en centro penitenciario Facilitador(a) de [&hellip;]</p>
