{"id":258,"date":"2017-10-03T11:53:08","date_gmt":"2017-10-03T17:53:08","guid":{"rendered":"http:\/\/10.0.0.41\/nuevo_portal_3\/?page_id=258"},"modified":"2023-01-17T11:25:32","modified_gmt":"2023-01-17T15:25:32","slug":"mision-y-vision","status":"publish","type":"page","link":"https:\/\/inces.gob.ve\/index.php\/mision-y-vision\/","title":{"rendered":"Misi\u00f3n y Visi\u00f3n"},"content":{"rendered":"<div id=\"pl-258\"  class=\"panel-layout\" ><div id=\"pg-258-0\"  class=\"panel-grid panel-no-style\" ><div id=\"pgc-258-0-0\"  class=\"panel-grid-cell\" ><div id=\"panel-258-0-0-0\" class=\"so-panel widget widget_widget_sp_image widget_sp_image panel-first-child panel-last-child\" data-index=\"0\" ><img loading=\"lazy\" decoding=\"async\" width=\"1170\" height=\"91\" class=\"attachment-full\" style=\"max-width: 100%;\" src=\"https:\/\/inces.gob.ve\/wp-content\/uploads\/2017\/10\/misionvision_ti.png\" \/><\/div><\/div><\/div><div id=\"pg-258-1\"  class=\"panel-grid panel-no-style\" ><div id=\"pgc-258-1-0\"  class=\"panel-grid-cell\" ><div id=\"panel-258-1-0-0\" class=\"widget_text so-panel widget widget_custom_html panel-first-child panel-last-child\" data-index=\"1\" ><div class=\"textwidget custom-html-widget\"><div class=\"contenedor-menuver\">\n\n<!--a class=\"btn-menuver\" href=\"#\">Menu <i class=\"icono derecha fas fa-bars\"><\/i><\/a-->\n<ul class=\"menuver\">\n \t<li><a href=\"http:\/\/www.inces.gob.ve\/index.php\/historia\/\">Historia<\/a><\/li>\n \t<li><a href=\"http:\/\/www.inces.gob.ve\/index.php\/pagina-ejemplo\/\">\u00bfQui\u00e9nes Somos?<\/a><\/li>\n \t<li><a href=\"http:\/\/www.inces.gob.ve\/index.php\/mision-y-vision\/\" >Misi\u00f3n y Visi\u00f3n<\/a><\/li>\n \t<li><a href=\"http:\/\/www.inces.gob.ve\/index.php\/perfiles-funcionarios\/\">Organizaci\u00f3n<\/a><\/li>\n \t<li><i class=\"icono izquierda fas fa-chevron-down\"><\/i><a href=\"\">Alianzas Estrat\u00e9gicas<\/a>\n<ul>\n \t<li><a href=\"http:\/\/www.inces.gob.ve\/index.php\/retos-institucionales\/\">Retos Intitucionales<\/a><\/li>\n \t<li><a href=\"http:\/\/www.inces.gob.ve\/index.php\/vinculos\/\">V\u00ednculos de Cooperaci\u00f3n<\/a><\/li>\n \t<li><a href=\"http:\/\/www.inces.gob.ve\/index.php\/relaciones-valor\/\">Relaciones de Valor<\/a><\/li>\n<\/ul>\n<\/li>\n<\/ul>\n<\/div>\n<\/div><\/div><\/div><div id=\"pgc-258-1-1\"  class=\"panel-grid-cell\" ><div id=\"panel-258-1-1-0\" class=\"so-panel widget widget_widget_sp_image widget_sp_image panel-first-child panel-last-child\" data-index=\"2\" ><img loading=\"lazy\" decoding=\"async\" width=\"800\" height=\"400\" class=\"attachment-full\" style=\"max-width: 100%;\" src=\"https:\/\/inces.gob.ve\/wp-content\/uploads\/2017\/10\/Institucion_mision.png\" \/><\/div><\/div><\/div><div id=\"pg-258-2\"  class=\"panel-grid panel-no-style\" ><div id=\"pgc-258-2-0\"  class=\"panel-grid-cell panel-grid-cell-empty\" ><\/div><div id=\"pgc-258-2-1\"  class=\"panel-grid-cell\" ><div id=\"panel-258-2-1-0\" class=\"widget_text so-panel widget widget_custom_html panel-first-child\" data-index=\"3\" ><div class=\"textwidget custom-html-widget\"><h1>Misi\u00f3n<\/h1>\nEl Inces es la instituci\u00f3n del Estado encargada de la formaci\u00f3n y autoformaci\u00f3n colectiva, integral, continua y permanente de los trabajadores y las trabajadoras, orientada al desarrollo de sus capacidades para la producci\u00f3n de bienes y prestaci\u00f3n de servicios que satisfagan las necesidades del Poder Popular, su incorporaci\u00f3n consciente al proceso social de trabajo y la construcci\u00f3n de relaciones laborales justas e igualitarias.<\/div><\/div><div id=\"panel-258-2-1-1\" class=\"widget_text so-panel widget widget_custom_html panel-last-child\" data-index=\"4\" ><div class=\"textwidget custom-html-widget\"><h1>Visi\u00f3n<\/h1>\nConvertirnos en una poderosa herramienta para la transformaci\u00f3n y consolidaci\u00f3n de una econom\u00eda soberana y diversificada, siendo referente nacional e internacional de la formaci\u00f3n t\u00e9cnica profesional inclusiva y colectiva, con altos niveles de calidad, que forma trabajadores y trabajadoras conscientes de su rol como sujeto social protag\u00f3nico, con dominio de los procesos productivos y capacidad para generar tecnolog\u00eda e innovaci\u00f3n creadora.<\/div><\/div><\/div><\/div><\/div>","protected":false},"excerpt":{"rendered":"<p>Historia \u00bfQui\u00e9nes Somos? Misi\u00f3n y Visi\u00f3n Organizaci\u00f3n Alianzas Estrat\u00e9gicas Retos Intitucionales V\u00ednculos de Cooperaci\u00f3n Relaciones de Valor Misi\u00f3n El Inces es la instituci\u00f3n del Estado encargada de la formaci\u00f3n y autoformaci\u00f3n colectiva, integral, continua y permanente de los trabajadores y las trabajadoras, orientada al desarrollo de sus capacidades para la producci\u00f3n de bienes y prestaci\u00f3n [&hellip;]<\/p>\n","protected":false},"author":1,"featured_media":0,"parent":0,"menu_order":0,"comment_status":"closed","ping_status":"closed","template":"","meta":{"footnotes":""},"class_list":["post-258","page","type-page","status-publish","hentry"],"_links":{"self":[{"href":"https:\/\/inces.gob.ve\/index.php\/wp-json\/wp\/v2\/pages\/258","targetHints":{"allow":["GET"]}}],"collection":[{"href":"https:\/\/inces.gob.ve\/index.php\/wp-json\/wp\/v2\/pages"}],"about":[{"href":"https:\/\/inces.gob.ve\/index.php\/wp-json\/wp\/v2\/types\/page"}],"author":[{"embeddable":true,"href":"https:\/\/inces.gob.ve\/index.php\/wp-json\/wp\/v2\/users\/1"}],"replies":[{"embeddable":true,"href":"https:\/\/inces.gob.ve\/index.php\/wp-json\/wp\/v2\/comments?post=258"}],"version-history":[{"count":69,"href":"https:\/\/inces.gob.ve\/index.php\/wp-json\/wp\/v2\/pages\/258\/revisions"}],"predecessor-version":[{"id":48930,"href":"https:\/\/inces.gob.ve\/index.php\/wp-json\/wp\/v2\/pages\/258\/revisions\/48930"}],"wp:attachment":[{"href":"https:\/\/inces.gob.ve\/index.php\/wp-json\/wp\/v2\/media?parent=258"}],"curies":[{"name":"wp","href":"https:\/\/api.w.org\/{rel}","templated":true}]}}