{"id":9471,"date":"2017-12-20T09:48:36","date_gmt":"2017-12-20T15:48:36","guid":{"rendered":"http:\/\/10.0.0.41\/nuevo_portal_3\/?page_id=9471"},"modified":"2022-01-18T09:47:01","modified_gmt":"2022-01-18T13:47:01","slug":"historia","status":"publish","type":"page","link":"https:\/\/inces.gob.ve\/index.php\/historia\/","title":{"rendered":"Historia"},"content":{"rendered":"<div id=\"pl-9471\"  class=\"panel-layout\" ><div id=\"pg-9471-0\"  class=\"panel-grid panel-no-style\" ><div id=\"pgc-9471-0-0\"  class=\"panel-grid-cell\" ><div id=\"panel-9471-0-0-0\" class=\"so-panel widget widget_widget_sp_image widget_sp_image panel-first-child panel-last-child\" data-index=\"0\" ><img loading=\"lazy\" decoding=\"async\" width=\"1170\" height=\"91\" class=\"attachment-full\" style=\"max-width: 100%;\" srcset=\"https:\/\/inces.gob.ve\/wp-content\/uploads\/2017\/12\/titulo_historia.png 1170w, https:\/\/inces.gob.ve\/wp-content\/uploads\/2017\/12\/titulo_historia-300x23.png 300w, https:\/\/inces.gob.ve\/wp-content\/uploads\/2017\/12\/titulo_historia-768x60.png 768w, https:\/\/inces.gob.ve\/wp-content\/uploads\/2017\/12\/titulo_historia-1024x80.png 1024w\" sizes=\"auto, (max-width: 1170px) 100vw, 1170px\" src=\"https:\/\/inces.gob.ve\/wp-content\/uploads\/2017\/12\/titulo_historia.png\" \/><\/div><\/div><\/div><div id=\"pg-9471-1\"  class=\"panel-grid panel-no-style\" ><div id=\"pgc-9471-1-0\"  class=\"panel-grid-cell\" ><div id=\"panel-9471-1-0-0\" class=\"widget_text so-panel widget widget_custom_html panel-first-child panel-last-child\" data-index=\"1\" ><div class=\"textwidget custom-html-widget\"><div class=\"contenedor-menuver\">\n\n<!--a class=\"btn-menuver\" href=\"#\">Menu <i class=\"icono derecha fas fa-bars\"><\/i><\/a-->\n<ul class=\"menuver\">\n \t<li><a href=\"http:\/\/www.inces.gob.ve\/index.php\/historia\/\">Historia<\/a><\/li>\n \t<li><a href=\"http:\/\/www.inces.gob.ve\/index.php\/pagina-ejemplo\/\">\u00bfQui\u00e9nes Somos?<\/a><\/li>\n \t<li><a href=\"http:\/\/www.inces.gob.ve\/index.php\/mision-y-vision\/\" >Misi\u00f3n y Visi\u00f3n<\/a><\/li>\n \t<li><a href=\"http:\/\/www.inces.gob.ve\/index.php\/organizacion\/\">Organizaci\u00f3n<\/a><\/li>\n \t<li><a href=\"https:\/\/inces.gob.ve\/index.php\/convenios-2\/\">Alianzas Estrat\u00e9gicas<\/a>\n<ul>\n \t<li><a href=\"http:\/\/www.inces.gob.ve\/index.php\/retos-institucionales\/\">Retos Intitucionales<\/a><\/li>\n \t<li><a href=\"http:\/\/www.inces.gob.ve\/index.php\/vinculos\/\">V\u00ednculos de Cooperaci\u00f3n<\/a><\/li>\n \t<li><a href=\"http:\/\/www.inces.gob.ve\/index.php\/relaciones-valor\/\">Relaciones de Valor<\/a><\/li>\n<\/ul>\n<\/li>\n<\/ul>\n<\/div><\/div><\/div><\/div><div id=\"pgc-9471-1-1\"  class=\"panel-grid-cell\" ><div id=\"panel-9471-1-1-0\" class=\"so-panel widget widget_media_video panel-first-child panel-last-child\" data-index=\"2\" ><div style=\"width:100%;\" class=\"wp-video\"><!--[if lt IE 9]><script>document.createElement('video');<\/script><![endif]-->\n<video class=\"wp-video-shortcode\" id=\"video-9471-1\" preload=\"metadata\" controls=\"controls\"><source type=\"video\/youtube\" src=\"https:\/\/youtu.be\/YSZ8aL3DvDU?_=1\" \/><a href=\"https:\/\/youtu.be\/YSZ8aL3DvDU\">https:\/\/youtu.be\/YSZ8aL3DvDU<\/a><\/video><\/div><\/div><\/div><\/div><\/div>","protected":false},"excerpt":{"rendered":"<p>Historia \u00bfQui\u00e9nes Somos? Misi\u00f3n y Visi\u00f3n Organizaci\u00f3n Alianzas Estrat\u00e9gicas Retos Intitucionales V\u00ednculos de Cooperaci\u00f3n Relaciones de Valor https:\/\/youtu.be\/YSZ8aL3DvDU<\/p>\n","protected":false},"author":1,"featured_media":0,"parent":0,"menu_order":0,"comment_status":"closed","ping_status":"closed","template":"","meta":{"footnotes":""},"class_list":["post-9471","page","type-page","status-publish","hentry"],"_links":{"self":[{"href":"https:\/\/inces.gob.ve\/index.php\/wp-json\/wp\/v2\/pages\/9471","targetHints":{"allow":["GET"]}}],"collection":[{"href":"https:\/\/inces.gob.ve\/index.php\/wp-json\/wp\/v2\/pages"}],"about":[{"href":"https:\/\/inces.gob.ve\/index.php\/wp-json\/wp\/v2\/types\/page"}],"author":[{"embeddable":true,"href":"https:\/\/inces.gob.ve\/index.php\/wp-json\/wp\/v2\/users\/1"}],"replies":[{"embeddable":true,"href":"https:\/\/inces.gob.ve\/index.php\/wp-json\/wp\/v2\/comments?post=9471"}],"version-history":[{"count":50,"href":"https:\/\/inces.gob.ve\/index.php\/wp-json\/wp\/v2\/pages\/9471\/revisions"}],"predecessor-version":[{"id":41107,"href":"https:\/\/inces.gob.ve\/index.php\/wp-json\/wp\/v2\/pages\/9471\/revisions\/41107"}],"wp:attachment":[{"href":"https:\/\/inces.gob.ve\/index.php\/wp-json\/wp\/v2\/media?parent=9471"}],"curies":[{"name":"wp","href":"https:\/\/api.w.org\/{rel}","templated":true}]}}